{"id":2301,"date":"2025-07-15T10:11:57","date_gmt":"2025-07-15T08:11:57","guid":{"rendered":"https:\/\/rrunning.tribalt.agency\/?post_type=product&#038;p=2301"},"modified":"2025-07-15T10:12:36","modified_gmt":"2025-07-15T08:12:36","slug":"forerunner-265s-black","status":"publish","type":"product","link":"https:\/\/rrunning.tribalt.agency\/?product=forerunner-265s-black","title":{"rendered":"FORERUNNER 265S BLACK"},"content":{"rendered":"<p>ET SI VOTRE PROCHAINE COURSE \u00c9TAIT LA PERFORMANCE DE VOTRE VIE\u00a0? ET QUE LES PROGRAMMES D'ENTRA\u00ceNEMENT GARMIN COACH VOUS AIDAIENT \u00c0 FAIRE QUELQUE CHOSE QUE VOUS N'AVEZ JAMAIS FAIT\u00a0? AVEC LA MONTRE CONNECT\u00c9E Forerunner 265, VOUS VERREZ TOUTES LES DONN\u00c9ES S'AFFICHER SUR UN \u00c9CRAN TACTILE COULEUR AMOLED. PR\u00c9PAREZ-VOUS \u00c0 VOUS AM\u00c9LIORER.<\/p>\n<p>\u00c9CRAN COULEUR AMOLED 1,3\u2033<br \/>\nJUSQU'\u00c0 20 HEURES D'AUTONOMIE EN MODE GPS<br \/>\nFONCTIONS D'ENTRA\u00ceNEMENT ET STATISTIQUES DE PERFORMANCE AVANC\u00c9ES<br \/>\nSATIQ\u2122 ET GPS MULTI-BANDES<br \/>\n\u00c9CRAN TACTILE ET BOUTONS<br \/>\nDE LA MUSIQUE \u00c0 VOTRE POIGNET<\/p>\n","protected":false},"excerpt":{"rendered":"<p>ET SI VOTRE PROCHAINE COURSE \u00c9TAIT LA PERFORMANCE DE VOTRE VIE\u00a0? ET QUE LES PROGRAMMES D'ENTRA\u00ceNEMENT GARMIN COACH VOUS AIDAIENT \u00c0 FAIRE QUELQUE CHOSE QUE VOUS N'AVEZ JAMAIS FAIT\u00a0? AVEC LA MONTRE CONNECT\u00c9E Forerunner 265, VOUS VERREZ TOUTES LES DONN\u00c9ES S'AFFICHER SUR UN \u00c9CRAN TACTILE COULEUR AMOLED. PR\u00c9PAREZ-VOUS \u00c0 VOUS AM\u00c9LIORER. \u00c9CRAN COULEUR AMOLED 1,3\u2033 [&hellip;]<\/p>\n","protected":false},"featured_media":2299,"template":"","meta":[],"pwb-brand":[98],"product_brand":[],"product_cat":[29],"product_tag":[],"class_list":{"0":"post-2301","1":"product","2":"type-product","3":"status-publish","4":"has-post-thumbnail","6":"pwb-brand-garmin","7":"product_cat-electronique","9":"first","10":"instock","11":"shipping-taxable","12":"purchasable","13":"product-type-simple"},"brands":[{"id":98,"name":"GARMIN","slug":"garmin"}],"_links":{"self":[{"href":"https:\/\/rrunning.tribalt.agency\/index.php?rest_route=\/wp\/v2\/product\/2301","targetHints":{"allow":["GET"]}}],"collection":[{"href":"https:\/\/rrunning.tribalt.agency\/index.php?rest_route=\/wp\/v2\/product"}],"about":[{"href":"https:\/\/rrunning.tribalt.agency\/index.php?rest_route=\/wp\/v2\/types\/product"}],"wp:featuredmedia":[{"embeddable":true,"href":"https:\/\/rrunning.tribalt.agency\/index.php?rest_route=\/wp\/v2\/media\/2299"}],"wp:attachment":[{"href":"https:\/\/rrunning.tribalt.agency\/index.php?rest_route=%2Fwp%2Fv2%2Fmedia&parent=2301"}],"wp:term":[{"taxonomy":"pwb-brand","embeddable":true,"href":"https:\/\/rrunning.tribalt.agency\/index.php?rest_route=%2Fwp%2Fv2%2Fpwb-brand&post=2301"},{"taxonomy":"product_brand","embeddable":true,"href":"https:\/\/rrunning.tribalt.agency\/index.php?rest_route=%2Fwp%2Fv2%2Fproduct_brand&post=2301"},{"taxonomy":"product_cat","embeddable":true,"href":"https:\/\/rrunning.tribalt.agency\/index.php?rest_route=%2Fwp%2Fv2%2Fproduct_cat&post=2301"},{"taxonomy":"product_tag","embeddable":true,"href":"https:\/\/rrunning.tribalt.agency\/index.php?rest_route=%2Fwp%2Fv2%2Fproduct_tag&post=2301"}],"curies":[{"name":"wp","href":"https:\/\/api.w.org\/{rel}","templated":true}]}}