{"id":2285,"date":"2025-07-15T09:39:34","date_gmt":"2025-07-15T07:39:34","guid":{"rendered":"https:\/\/rrunning.tribalt.agency\/?post_type=product&#038;p=2285"},"modified":"2025-07-15T09:39:49","modified_gmt":"2025-07-15T07:39:49","slug":"huile-de-massage-200ml","status":"publish","type":"product","link":"https:\/\/rrunning.tribalt.agency\/?product=huile-de-massage-200ml","title":{"rendered":"HUILE DE MASSAGE 200ML"},"content":{"rendered":"<p>Relaxante et d\u00e9stressante<br \/>\nIngr\u00e9dients d'origine naturelle<br \/>\nD\u00e9tend votre corps apr\u00e8s l\u2019effort - gr\u00e2ce \u00e0 son effet chauffant - et p\u00e9n\u00e8tre en profondeur<br \/>\nFini non-gras et non-collant<br \/>\nDur\u00e9e d'utilisation pour une application quotidienne : 1 mois<\/p>\n","protected":false},"excerpt":{"rendered":"<p>Relaxante et d\u00e9stressante Ingr\u00e9dients d'origine naturelle D\u00e9tend votre corps apr\u00e8s l\u2019effort - gr\u00e2ce \u00e0 son effet chauffant - et p\u00e9n\u00e8tre en profondeur Fini non-gras et non-collant Dur\u00e9e d'utilisation pour une application quotidienne : 1 mois<\/p>\n","protected":false},"featured_media":2283,"template":"","meta":[],"pwb-brand":[129],"product_brand":[],"product_cat":[33],"product_tag":[],"class_list":{"0":"post-2285","1":"product","2":"type-product","3":"status-publish","4":"has-post-thumbnail","6":"pwb-brand-wailer","7":"product_cat-protection-musculaire-et-articulaire","9":"first","10":"instock","11":"shipping-taxable","12":"purchasable","13":"product-type-simple"},"brands":[{"id":129,"name":"WAILER","slug":"wailer"}],"_links":{"self":[{"href":"https:\/\/rrunning.tribalt.agency\/index.php?rest_route=\/wp\/v2\/product\/2285","targetHints":{"allow":["GET"]}}],"collection":[{"href":"https:\/\/rrunning.tribalt.agency\/index.php?rest_route=\/wp\/v2\/product"}],"about":[{"href":"https:\/\/rrunning.tribalt.agency\/index.php?rest_route=\/wp\/v2\/types\/product"}],"wp:featuredmedia":[{"embeddable":true,"href":"https:\/\/rrunning.tribalt.agency\/index.php?rest_route=\/wp\/v2\/media\/2283"}],"wp:attachment":[{"href":"https:\/\/rrunning.tribalt.agency\/index.php?rest_route=%2Fwp%2Fv2%2Fmedia&parent=2285"}],"wp:term":[{"taxonomy":"pwb-brand","embeddable":true,"href":"https:\/\/rrunning.tribalt.agency\/index.php?rest_route=%2Fwp%2Fv2%2Fpwb-brand&post=2285"},{"taxonomy":"product_brand","embeddable":true,"href":"https:\/\/rrunning.tribalt.agency\/index.php?rest_route=%2Fwp%2Fv2%2Fproduct_brand&post=2285"},{"taxonomy":"product_cat","embeddable":true,"href":"https:\/\/rrunning.tribalt.agency\/index.php?rest_route=%2Fwp%2Fv2%2Fproduct_cat&post=2285"},{"taxonomy":"product_tag","embeddable":true,"href":"https:\/\/rrunning.tribalt.agency\/index.php?rest_route=%2Fwp%2Fv2%2Fproduct_tag&post=2285"}],"curies":[{"name":"wp","href":"https:\/\/api.w.org\/{rel}","templated":true}]}}