{"id":2257,"date":"2025-07-15T09:11:04","date_gmt":"2025-07-15T07:11:04","guid":{"rendered":"https:\/\/rrunning.tribalt.agency\/?post_type=product&#038;p=2257"},"modified":"2025-07-15T09:12:16","modified_gmt":"2025-07-15T07:12:16","slug":"spiruline-sport-400-gelules-2","status":"publish","type":"product","link":"https:\/\/rrunning.tribalt.agency\/?product=spiruline-sport-400-gelules-2","title":{"rendered":"SPIRULINE  SPORT 400 GELULES"},"content":{"rendered":"<p><strong>Spiruline Sport\u00a0Athletic Bluegreen \u2013 Performez Naturellement !<\/strong><\/p>\n<p>&nbsp;<\/p>\n<p><em>400 g\u00e9lules \u2013 500 mg par g\u00e9lule \u2013 Taux de phycocyanine &gt; 20\u00a0%<\/em><\/p>\n<p>&nbsp;<\/p>\n<p><strong>Votre alli\u00e9e pour la performance et la r\u00e9cup\u00e9ration musculaire<\/strong><\/p>\n<p>Boostez vos capacit\u00e9s physiques avec notre\u00a0<strong>Spiruline Sport<\/strong>, un compl\u00e9ment naturel sp\u00e9cialement con\u00e7u pour les sportifs.<\/p>\n<p>Riche en prot\u00e9ines, antioxydants, et phycocyanine (taux sup\u00e9rieur \u00e0 20\u00a0%), elle am\u00e9liore votre endurance, optimise votre r\u00e9cup\u00e9ration et renforce vos performances au quotidien.<\/p>\n<p>&nbsp;<\/p>\n<p>Avec\u00a0<strong>400 g\u00e9lules faciles \u00e0 consommer<\/strong>, la Spiruline Sport est votre solution pour atteindre vos objectifs sans compromis.<\/p>\n<p>Que vous soyez coureur, triathl\u00e8te, adepte de musculation ou amateur de sports d\u2019endurance, cette spiruline haut de gamme vous accompagne \u00e0 chaque \u00e9tape.<\/p>\n","protected":false},"excerpt":{"rendered":"<p>Spiruline Sport\u00a0Athletic Bluegreen \u2013 Performez Naturellement ! &nbsp; 400 g\u00e9lules \u2013 500 mg par g\u00e9lule \u2013 Taux de phycocyanine &gt; 20\u00a0% &nbsp; Votre alli\u00e9e pour la performance et la r\u00e9cup\u00e9ration musculaire Boostez vos capacit\u00e9s physiques avec notre\u00a0Spiruline Sport, un compl\u00e9ment naturel sp\u00e9cialement con\u00e7u pour les sportifs. Riche en prot\u00e9ines, antioxydants, et phycocyanine (taux sup\u00e9rieur \u00e0 [&hellip;]<\/p>\n","protected":false},"featured_media":2252,"template":"","meta":[],"pwb-brand":[104],"product_brand":[],"product_cat":[33],"product_tag":[],"class_list":{"0":"post-2257","1":"product","2":"type-product","3":"status-publish","4":"has-post-thumbnail","6":"pwb-brand-la-spiruline-du-rocher","7":"product_cat-protection-musculaire-et-articulaire","9":"first","10":"instock","11":"shipping-taxable","12":"purchasable","13":"product-type-simple"},"brands":[{"id":104,"name":"LA SPIRULINE DU ROCHER","slug":"la-spiruline-du-rocher"}],"_links":{"self":[{"href":"https:\/\/rrunning.tribalt.agency\/index.php?rest_route=\/wp\/v2\/product\/2257","targetHints":{"allow":["GET"]}}],"collection":[{"href":"https:\/\/rrunning.tribalt.agency\/index.php?rest_route=\/wp\/v2\/product"}],"about":[{"href":"https:\/\/rrunning.tribalt.agency\/index.php?rest_route=\/wp\/v2\/types\/product"}],"wp:featuredmedia":[{"embeddable":true,"href":"https:\/\/rrunning.tribalt.agency\/index.php?rest_route=\/wp\/v2\/media\/2252"}],"wp:attachment":[{"href":"https:\/\/rrunning.tribalt.agency\/index.php?rest_route=%2Fwp%2Fv2%2Fmedia&parent=2257"}],"wp:term":[{"taxonomy":"pwb-brand","embeddable":true,"href":"https:\/\/rrunning.tribalt.agency\/index.php?rest_route=%2Fwp%2Fv2%2Fpwb-brand&post=2257"},{"taxonomy":"product_brand","embeddable":true,"href":"https:\/\/rrunning.tribalt.agency\/index.php?rest_route=%2Fwp%2Fv2%2Fproduct_brand&post=2257"},{"taxonomy":"product_cat","embeddable":true,"href":"https:\/\/rrunning.tribalt.agency\/index.php?rest_route=%2Fwp%2Fv2%2Fproduct_cat&post=2257"},{"taxonomy":"product_tag","embeddable":true,"href":"https:\/\/rrunning.tribalt.agency\/index.php?rest_route=%2Fwp%2Fv2%2Fproduct_tag&post=2257"}],"curies":[{"name":"wp","href":"https:\/\/api.w.org\/{rel}","templated":true}]}}