{"id":2102,"date":"2025-07-07T15:26:58","date_gmt":"2025-07-07T13:26:58","guid":{"rendered":"https:\/\/rrunning.tribalt.agency\/?post_type=product&#038;p=2102"},"modified":"2025-07-07T15:28:22","modified_gmt":"2025-07-07T13:28:22","slug":"pro-racing-cap-black","status":"publish","type":"product","link":"https:\/\/rrunning.tribalt.agency\/?product=pro-racing-cap-black","title":{"rendered":"PRO RACING CAP BLACK"},"content":{"rendered":"<p class=\"key_benefit_1\">Revue et am\u00e9lior\u00e9e, la Pro Racing Cap vient compl\u00e9ter notre gamme Pro Racing avec un poids plume et un design fonctionnel pour accompagner vos plus grands objectifs. La construction \u00e0 trois panneaux met l`accent sur la respirabilit\u00e9, avec un tissu en mesh sur le haut de la t\u00eate pour une dispersion de chaleur maximale et des panneaux perfor\u00e9s sur les c\u00f4t\u00e9s pour une \u00e9vacuation rapide de la transpiration. Les tissus \u00e0 s\u00e9chage rapide ne retiennent pas l`humidit\u00e9 et restent l\u00e9gers comme l\u2019air. Large et mince, la visi\u00e8re articul\u00e9e peut \u00eatre relev\u00e9e pour d\u00e9gager le champ de vision ou abaiss\u00e9e pour prot\u00e9ger les yeux et le visage du soleil. Dot\u00e9e d`une coupe ergonomique, de coutures souples et d`une bande Velcro \u00e0 l\u2019arri\u00e8re pour un ajustement ais\u00e9, ce couvre-chef technique peut \u00eatre port\u00e9 vers l`avant ou vers l`arri\u00e8re selon votre style. Des sentiers de montagne \u00e0 votre prochain marathon sur route, n`oubliez pas d`emporter cette casquette haute performance au cas o\u00f9 le soleil s\u2019inviterait \u00e0 la f\u00eate.<\/p>\n","protected":false},"excerpt":{"rendered":"<p>Revue et am\u00e9lior\u00e9e, la Pro Racing Cap vient compl\u00e9ter notre gamme Pro Racing avec un poids plume et un design fonctionnel pour accompagner vos plus grands objectifs. La construction \u00e0 trois panneaux met l`accent sur la respirabilit\u00e9, avec un tissu en mesh sur le haut de la t\u00eate pour une dispersion de chaleur maximale et [&hellip;]<\/p>\n","protected":false},"featured_media":2103,"template":"","meta":[],"pwb-brand":[97],"product_brand":[],"product_cat":[26],"product_tag":[],"class_list":{"0":"post-2102","1":"product","2":"type-product","3":"status-publish","4":"has-post-thumbnail","6":"pwb-brand-compressport","7":"product_cat-casquettes-visieres","9":"first","10":"instock","11":"shipping-taxable","12":"purchasable","13":"product-type-simple"},"brands":[{"id":97,"name":"COMPRESSPORT","slug":"compressport"}],"_links":{"self":[{"href":"https:\/\/rrunning.tribalt.agency\/index.php?rest_route=\/wp\/v2\/product\/2102","targetHints":{"allow":["GET"]}}],"collection":[{"href":"https:\/\/rrunning.tribalt.agency\/index.php?rest_route=\/wp\/v2\/product"}],"about":[{"href":"https:\/\/rrunning.tribalt.agency\/index.php?rest_route=\/wp\/v2\/types\/product"}],"wp:featuredmedia":[{"embeddable":true,"href":"https:\/\/rrunning.tribalt.agency\/index.php?rest_route=\/wp\/v2\/media\/2103"}],"wp:attachment":[{"href":"https:\/\/rrunning.tribalt.agency\/index.php?rest_route=%2Fwp%2Fv2%2Fmedia&parent=2102"}],"wp:term":[{"taxonomy":"pwb-brand","embeddable":true,"href":"https:\/\/rrunning.tribalt.agency\/index.php?rest_route=%2Fwp%2Fv2%2Fpwb-brand&post=2102"},{"taxonomy":"product_brand","embeddable":true,"href":"https:\/\/rrunning.tribalt.agency\/index.php?rest_route=%2Fwp%2Fv2%2Fproduct_brand&post=2102"},{"taxonomy":"product_cat","embeddable":true,"href":"https:\/\/rrunning.tribalt.agency\/index.php?rest_route=%2Fwp%2Fv2%2Fproduct_cat&post=2102"},{"taxonomy":"product_tag","embeddable":true,"href":"https:\/\/rrunning.tribalt.agency\/index.php?rest_route=%2Fwp%2Fv2%2Fproduct_tag&post=2102"}],"curies":[{"name":"wp","href":"https:\/\/api.w.org\/{rel}","templated":true}]}}