{"id":2094,"date":"2025-07-07T15:23:49","date_gmt":"2025-07-07T13:23:49","guid":{"rendered":"https:\/\/rrunning.tribalt.agency\/?post_type=product&#038;p=2094"},"modified":"2025-07-07T15:24:50","modified_gmt":"2025-07-07T13:24:50","slug":"performance-ss-tshirt-w-impala","status":"publish","type":"product","link":"https:\/\/rrunning.tribalt.agency\/?product=performance-ss-tshirt-w-impala","title":{"rendered":"PERFORMANCE SS TSHIRT W IMPALA"},"content":{"rendered":"<p class=\"key_benefit_1\">Le Performance T-Shirt \u00e0 manches courtes pour femme allie polyvalence, l\u00e9g\u00e8ret\u00e9 et thermor\u00e9gulation de haut niveau pour vous permettre d`affronter n`importe quelle course, \u00e9preuve ou s\u00e9ance d`entra\u00eenement que vous avez planifi\u00e9e aujourd`hui. Dot\u00e9 de la technologie Compressport et des propri\u00e9t\u00e9s thermor\u00e9gulatrices caract\u00e9ristiques, le tissu microfibre ultra-doux et la conception sans coutures garantissent que les frottements, les irritations et les odeurs sportives ne sont plus qu`un mauvais souvenir. Dot\u00e9 d`une coupe r\u00e9guli\u00e8re sp\u00e9cifique aux femmes pour un confort d\u00e9contract\u00e9, ce T-shirt d`entra\u00eenement haute performance pr\u00e9sente des rayures 3D sur le devant pour accentuer la forme f\u00e9minine et ajouter une touche de style \u00e0 votre effort. La maille a\u00e9r\u00e9e sur les c\u00f4t\u00e9s, sous les aisselles et dans le dos offre une ventilation optimale pour \u00e9vacuer rapidement la transpiration et l`humidit\u00e9, vous gardant au frais et au sec lorsque votre rythme cardiaque s`acc\u00e9l\u00e8re. L`encolure ronde et \u00e9l\u00e9gante reste bien en place sur votre peau, tandis que la toute nouvelle conception des manches en satin lib\u00e8re la zone des \u00e9paules pour une libert\u00e9 de mouvement totale, de la piste aux sentiers. Que vous vous attaquiez \u00e0 votre prochain 10 km ou \u00e0 vos intervalles hebdomadaires \u00e0 l`heure du d\u00e9jeuner, soyez assur\u00e9 que le polyvalent T-Shirt Performance SS vous soutient.<\/p>\n","protected":false},"excerpt":{"rendered":"<p>Le Performance T-Shirt \u00e0 manches courtes pour femme allie polyvalence, l\u00e9g\u00e8ret\u00e9 et thermor\u00e9gulation de haut niveau pour vous permettre d`affronter n`importe quelle course, \u00e9preuve ou s\u00e9ance d`entra\u00eenement que vous avez planifi\u00e9e aujourd`hui. Dot\u00e9 de la technologie Compressport et des propri\u00e9t\u00e9s thermor\u00e9gulatrices caract\u00e9ristiques, le tissu microfibre ultra-doux et la conception sans coutures garantissent que les frottements, [&hellip;]<\/p>\n","protected":false},"featured_media":2095,"template":"","meta":[],"pwb-brand":[97],"product_brand":[],"product_cat":[46],"product_tag":[],"class_list":{"0":"post-2094","1":"product","2":"type-product","3":"status-publish","4":"has-post-thumbnail","6":"pwb-brand-compressport","7":"product_cat-haut","9":"first","10":"instock","11":"shipping-taxable","12":"purchasable","13":"product-type-simple"},"brands":[{"id":97,"name":"COMPRESSPORT","slug":"compressport"}],"_links":{"self":[{"href":"https:\/\/rrunning.tribalt.agency\/index.php?rest_route=\/wp\/v2\/product\/2094","targetHints":{"allow":["GET"]}}],"collection":[{"href":"https:\/\/rrunning.tribalt.agency\/index.php?rest_route=\/wp\/v2\/product"}],"about":[{"href":"https:\/\/rrunning.tribalt.agency\/index.php?rest_route=\/wp\/v2\/types\/product"}],"wp:featuredmedia":[{"embeddable":true,"href":"https:\/\/rrunning.tribalt.agency\/index.php?rest_route=\/wp\/v2\/media\/2095"}],"wp:attachment":[{"href":"https:\/\/rrunning.tribalt.agency\/index.php?rest_route=%2Fwp%2Fv2%2Fmedia&parent=2094"}],"wp:term":[{"taxonomy":"pwb-brand","embeddable":true,"href":"https:\/\/rrunning.tribalt.agency\/index.php?rest_route=%2Fwp%2Fv2%2Fpwb-brand&post=2094"},{"taxonomy":"product_brand","embeddable":true,"href":"https:\/\/rrunning.tribalt.agency\/index.php?rest_route=%2Fwp%2Fv2%2Fproduct_brand&post=2094"},{"taxonomy":"product_cat","embeddable":true,"href":"https:\/\/rrunning.tribalt.agency\/index.php?rest_route=%2Fwp%2Fv2%2Fproduct_cat&post=2094"},{"taxonomy":"product_tag","embeddable":true,"href":"https:\/\/rrunning.tribalt.agency\/index.php?rest_route=%2Fwp%2Fv2%2Fproduct_tag&post=2094"}],"curies":[{"name":"wp","href":"https:\/\/api.w.org\/{rel}","templated":true}]}}