{"id":2046,"date":"2025-07-07T15:06:17","date_gmt":"2025-07-07T13:06:17","guid":{"rendered":"https:\/\/rrunning.tribalt.agency\/?post_type=product&#038;p=2046"},"modified":"2025-07-07T15:08:01","modified_gmt":"2025-07-07T13:08:01","slug":"hurricane-windproof-vest-w","status":"publish","type":"product","link":"https:\/\/rrunning.tribalt.agency\/?product=hurricane-windproof-vest-w","title":{"rendered":"HURRICANE WINDPROOF VEST W"},"content":{"rendered":"<p class=\"key_benefit_1\">Quelle que soit la saison, l\u2019incontournable gilet multisports est sans aucun doute le v\u00eatement le plus polyvalent de toute garde-robe sportive. Que vous p\u00e9daliez dans un col de montagne, que vous vous \u00e9chauffiez pour une course de skimo ou que vous ayez simplement besoin d\u2019un peu plus de protection et de chaleur pour votre jogging matinal, la veste coupe-vent Hurricane Windproof est faite pour vous. D\u00e9velopp\u00e9e sp\u00e9cifiquement pour une protection haute performance contre le vent. Avec son poids de 80\u00a0g, vous oublierez vite que vous la portez. Sur le devant, le mat\u00e9riau Tafta offre une protection ultime contre les vents forts pour vous garder au chaud lorsque les \u00e9l\u00e9ments sont contre vous. Le panneau sur les omoplates est dot\u00e9 de notre technologie On\/Off \u00e9prouv\u00e9e\u00a0: la transpiration s\u2019\u00e9vacue rapidement pour vous garder au sec lorsque vous acc\u00e9l\u00e9rez le rythme. La coupe seconde peau est parfaitement ajust\u00e9e pour \u00e9viter tout battement g\u00eanant face au vent. Le tissu hautement extensible s\u2019adapte facilement sur un sac \u00e0 dos si vous \u00eates dans les collines. Ouvrez la fermeture \u00e0 glissi\u00e8re autobloquante sur toute la longueur pour plus de respirabilit\u00e9 lorsque le soleil se l\u00e8ve. Une poche de poitrine pratique vous permet de garder l\u2019essentiel \u00e0 port\u00e9e de main. Plus longue \u00e0 l\u2019arri\u00e8re qu\u2019\u00e0 l\u2019avant, sa coupe couvre votre bas du dos dans toutes les situations, tandis que le col haut apporte une protection et une chaleur suppl\u00e9mentaires sans restreindre les mouvements de t\u00eate. Un logo r\u00e9fl\u00e9chissant sur le devant et des points sur le bas du dos am\u00e9liorent la visibilit\u00e9 dans des conditions de faible luminosit\u00e9\u00a0: vous restez en s\u00e9curit\u00e9 lorsque la nuit tombe. Ultra compacte et transportable, cette veste multisaisons se replie facilement dans la poche r\u00e9versible. Glissez-la dans un sac ou une ceinture lorsque le vent se calme. Tr\u00e8s doux au toucher, vous n\u2019entendrez aucun bruissement quand vous vous d\u00e9placerez. Con\u00e7ue avant tout pour contrer le vent, cette veste l\u00e9g\u00e8rement d\u00e9perlante vous permet de traverser les averses inattendues. Parfaite pour les coureurs de trail, les cyclistes, les skieurs de fond ou tous les amoureux des grands espaces.<\/p>\n","protected":false},"excerpt":{"rendered":"<p>Quelle que soit la saison, l\u2019incontournable gilet multisports est sans aucun doute le v\u00eatement le plus polyvalent de toute garde-robe sportive. Que vous p\u00e9daliez dans un col de montagne, que vous vous \u00e9chauffiez pour une course de skimo ou que vous ayez simplement besoin d\u2019un peu plus de protection et de chaleur pour votre jogging [&hellip;]<\/p>\n","protected":false},"featured_media":2048,"template":"","meta":[],"pwb-brand":[97],"product_brand":[],"product_cat":[50],"product_tag":[],"class_list":{"0":"post-2046","1":"product","2":"type-product","3":"status-publish","4":"has-post-thumbnail","6":"pwb-brand-compressport","7":"product_cat-vestes","9":"first","10":"instock","11":"shipping-taxable","12":"purchasable","13":"product-type-simple"},"brands":[{"id":97,"name":"COMPRESSPORT","slug":"compressport"}],"_links":{"self":[{"href":"https:\/\/rrunning.tribalt.agency\/index.php?rest_route=\/wp\/v2\/product\/2046","targetHints":{"allow":["GET"]}}],"collection":[{"href":"https:\/\/rrunning.tribalt.agency\/index.php?rest_route=\/wp\/v2\/product"}],"about":[{"href":"https:\/\/rrunning.tribalt.agency\/index.php?rest_route=\/wp\/v2\/types\/product"}],"wp:featuredmedia":[{"embeddable":true,"href":"https:\/\/rrunning.tribalt.agency\/index.php?rest_route=\/wp\/v2\/media\/2048"}],"wp:attachment":[{"href":"https:\/\/rrunning.tribalt.agency\/index.php?rest_route=%2Fwp%2Fv2%2Fmedia&parent=2046"}],"wp:term":[{"taxonomy":"pwb-brand","embeddable":true,"href":"https:\/\/rrunning.tribalt.agency\/index.php?rest_route=%2Fwp%2Fv2%2Fpwb-brand&post=2046"},{"taxonomy":"product_brand","embeddable":true,"href":"https:\/\/rrunning.tribalt.agency\/index.php?rest_route=%2Fwp%2Fv2%2Fproduct_brand&post=2046"},{"taxonomy":"product_cat","embeddable":true,"href":"https:\/\/rrunning.tribalt.agency\/index.php?rest_route=%2Fwp%2Fv2%2Fproduct_cat&post=2046"},{"taxonomy":"product_tag","embeddable":true,"href":"https:\/\/rrunning.tribalt.agency\/index.php?rest_route=%2Fwp%2Fv2%2Fproduct_tag&post=2046"}],"curies":[{"name":"wp","href":"https:\/\/api.w.org\/{rel}","templated":true}]}}