{"id":2011,"date":"2025-07-07T14:38:13","date_gmt":"2025-07-07T12:38:13","guid":{"rendered":"https:\/\/rrunning.tribalt.agency\/?post_type=product&#038;p=2011"},"modified":"2025-07-07T14:39:29","modified_gmt":"2025-07-07T12:39:29","slug":"headband-on-off-black-white-copie","status":"publish","type":"product","link":"https:\/\/rrunning.tribalt.agency\/?product=headband-on-off-black-white-copie","title":{"rendered":"HEADBAND ON\/OFF DAZZ BLUE"},"content":{"rendered":"<p class=\"key_benefit_1\">L\u2019un de nos produits originaux ador\u00e9s ne cesse d\u2019\u00e9voluer. Nous sommes fiers de vous pr\u00e9senter la derni\u00e8re g\u00e9n\u00e9ration du bandeau On\/Off, qui a encore \u00e9t\u00e9 am\u00e9lior\u00e9 pour r\u00e9pondre \u00e0 la demande des athl\u00e8tes de haute performance. L\u00e9g\u00e8rement plus large qu\u2019avant et avec un tissage plus serr\u00e9 au niveau des oreilles, ce bandeau est adapt\u00e9 aux temp\u00e9ratures plus froides avec la promesse de vous apporter confort et chaleur. Dot\u00e9 de notre technologie signature On\/Off, il est con\u00e7u pour offrir une thermor\u00e9gulation et une ventilation exceptionnelles lors des mont\u00e9es en intensit\u00e9. Le tissu extensible et sans couture apporte un confort sans compromis, avec des fibres ultradouces qui \u00e9pousent les contours de votre t\u00eate et de vos oreilles sans cr\u00e9er de points de pression d\u00e9sagr\u00e9ables. La nouvelle construction 3D sur le front et \u00e0 l\u2019arri\u00e8re agit un peu comme un bandeau anti-sueur, favorisant le flux d\u2019air pour une \u00e9vacuation maximale de la transpiration lors de vos entra\u00eenements et de vos courses. Plus qu\u2019un accessoire, il s\u2019agit d\u2019un \u00e9quipement haute technologie qui rassemble des propri\u00e9t\u00e9s soigneusement con\u00e7ues dans un produit compact et l\u00e9ger pour votre prochaine aventure sportive. Que ce soit pour un trail automnal ou pour une session de skimo intense, faites confiance au bandeau Headband On\/Off pour rester \u00e0 l\u2019aise, au chaud et lucide.<\/p>\n","protected":false},"excerpt":{"rendered":"<p>L\u2019un de nos produits originaux ador\u00e9s ne cesse d\u2019\u00e9voluer. Nous sommes fiers de vous pr\u00e9senter la derni\u00e8re g\u00e9n\u00e9ration du bandeau On\/Off, qui a encore \u00e9t\u00e9 am\u00e9lior\u00e9 pour r\u00e9pondre \u00e0 la demande des athl\u00e8tes de haute performance. L\u00e9g\u00e8rement plus large qu\u2019avant et avec un tissage plus serr\u00e9 au niveau des oreilles, ce bandeau est adapt\u00e9 aux [&hellip;]<\/p>\n","protected":false},"featured_media":2012,"template":"","meta":[],"pwb-brand":[97],"product_brand":[],"product_cat":[25],"product_tag":[],"class_list":{"0":"post-2011","1":"product","2":"type-product","3":"status-publish","4":"has-post-thumbnail","6":"pwb-brand-compressport","7":"product_cat-bonnets-bandeaux","9":"first","10":"instock","11":"shipping-taxable","12":"purchasable","13":"product-type-simple"},"brands":[{"id":97,"name":"COMPRESSPORT","slug":"compressport"}],"_links":{"self":[{"href":"https:\/\/rrunning.tribalt.agency\/index.php?rest_route=\/wp\/v2\/product\/2011","targetHints":{"allow":["GET"]}}],"collection":[{"href":"https:\/\/rrunning.tribalt.agency\/index.php?rest_route=\/wp\/v2\/product"}],"about":[{"href":"https:\/\/rrunning.tribalt.agency\/index.php?rest_route=\/wp\/v2\/types\/product"}],"wp:featuredmedia":[{"embeddable":true,"href":"https:\/\/rrunning.tribalt.agency\/index.php?rest_route=\/wp\/v2\/media\/2012"}],"wp:attachment":[{"href":"https:\/\/rrunning.tribalt.agency\/index.php?rest_route=%2Fwp%2Fv2%2Fmedia&parent=2011"}],"wp:term":[{"taxonomy":"pwb-brand","embeddable":true,"href":"https:\/\/rrunning.tribalt.agency\/index.php?rest_route=%2Fwp%2Fv2%2Fpwb-brand&post=2011"},{"taxonomy":"product_brand","embeddable":true,"href":"https:\/\/rrunning.tribalt.agency\/index.php?rest_route=%2Fwp%2Fv2%2Fproduct_brand&post=2011"},{"taxonomy":"product_cat","embeddable":true,"href":"https:\/\/rrunning.tribalt.agency\/index.php?rest_route=%2Fwp%2Fv2%2Fproduct_cat&post=2011"},{"taxonomy":"product_tag","embeddable":true,"href":"https:\/\/rrunning.tribalt.agency\/index.php?rest_route=%2Fwp%2Fv2%2Fproduct_tag&post=2011"}],"curies":[{"name":"wp","href":"https:\/\/api.w.org\/{rel}","templated":true}]}}