{"id":1973,"date":"2025-07-02T11:22:19","date_gmt":"2025-07-02T09:22:19","guid":{"rendered":"https:\/\/rrunning.tribalt.agency\/?post_type=product&#038;p=1973"},"modified":"2025-07-02T11:27:12","modified_gmt":"2025-07-02T09:27:12","slug":"ultrun-evo-10-black","status":"publish","type":"product","link":"https:\/\/rrunning.tribalt.agency\/?product=ultrun-evo-10-black","title":{"rendered":"ULTRUN EVO 10 BLACK"},"content":{"rendered":"<p class=\"key_benefit_1\">Capacit\u00e9 de 10L pour transporter l'\u00e9quipement et les v\u00eatements obligatoires lors de courses d'ultra trailou de sorties d'entra\u00eenement longues<\/p>\n<p class=\"key_benefit_2\">Aucun rebondissement ou ballotement gr\u00e2ce \u00e0 des tests approfondis pour une stabilit\u00e9 et un confort exceptionnels, m\u00eame sur les sections techniques et les descentes.<\/p>\n<p class=\"key_benefit_3 \">Nouvelle fermeture \u00e9lastique en zig-zag sur le devant, permettant \u00e0 la poitrine de s'\u00e9largir pour un confort maximal lorsque l'intensit\u00e9 monte.<\/p>\n","protected":false},"excerpt":{"rendered":"<p>Capacit\u00e9 de 10L pour transporter l'\u00e9quipement et les v\u00eatements obligatoires lors de courses d'ultra trailou de sorties d'entra\u00eenement longues Aucun rebondissement ou ballotement gr\u00e2ce \u00e0 des tests approfondis pour une stabilit\u00e9 et un confort exceptionnels, m\u00eame sur les sections techniques et les descentes. Nouvelle fermeture \u00e9lastique en zig-zag sur le devant, permettant \u00e0 la poitrine [&hellip;]<\/p>\n","protected":false},"featured_media":1974,"template":"","meta":[],"pwb-brand":[97],"product_brand":[],"product_cat":[34],"product_tag":[],"class_list":{"0":"post-1973","1":"product","2":"type-product","3":"status-publish","4":"has-post-thumbnail","6":"pwb-brand-compressport","7":"product_cat-sac-dhydratation-poche-a-eau","9":"first","10":"instock","11":"shipping-taxable","12":"purchasable","13":"product-type-simple"},"brands":[{"id":97,"name":"COMPRESSPORT","slug":"compressport"}],"_links":{"self":[{"href":"https:\/\/rrunning.tribalt.agency\/index.php?rest_route=\/wp\/v2\/product\/1973","targetHints":{"allow":["GET"]}}],"collection":[{"href":"https:\/\/rrunning.tribalt.agency\/index.php?rest_route=\/wp\/v2\/product"}],"about":[{"href":"https:\/\/rrunning.tribalt.agency\/index.php?rest_route=\/wp\/v2\/types\/product"}],"wp:featuredmedia":[{"embeddable":true,"href":"https:\/\/rrunning.tribalt.agency\/index.php?rest_route=\/wp\/v2\/media\/1974"}],"wp:attachment":[{"href":"https:\/\/rrunning.tribalt.agency\/index.php?rest_route=%2Fwp%2Fv2%2Fmedia&parent=1973"}],"wp:term":[{"taxonomy":"pwb-brand","embeddable":true,"href":"https:\/\/rrunning.tribalt.agency\/index.php?rest_route=%2Fwp%2Fv2%2Fpwb-brand&post=1973"},{"taxonomy":"product_brand","embeddable":true,"href":"https:\/\/rrunning.tribalt.agency\/index.php?rest_route=%2Fwp%2Fv2%2Fproduct_brand&post=1973"},{"taxonomy":"product_cat","embeddable":true,"href":"https:\/\/rrunning.tribalt.agency\/index.php?rest_route=%2Fwp%2Fv2%2Fproduct_cat&post=1973"},{"taxonomy":"product_tag","embeddable":true,"href":"https:\/\/rrunning.tribalt.agency\/index.php?rest_route=%2Fwp%2Fv2%2Fproduct_tag&post=1973"}],"curies":[{"name":"wp","href":"https:\/\/api.w.org\/{rel}","templated":true}]}}