{"id":1935,"date":"2025-07-01T10:42:25","date_gmt":"2025-07-01T08:42:25","guid":{"rendered":"https:\/\/rrunning.tribalt.agency\/?post_type=product&#038;p=1935"},"modified":"2025-09-16T19:22:44","modified_gmt":"2025-09-16T17:22:44","slug":"__trashed","status":"publish","type":"product","link":"https:\/\/rrunning.tribalt.agency\/?product=__trashed","title":{"rendered":"ENERGY DRINK MIX SALTED"},"content":{"rendered":"<p>Allez plus loin et plus longtemps avec la boisson d'effort N\u00e4ak Ultra Energy\u2122. Rafra\u00eechissant, facile \u00e0 dig\u00e9rer et compos\u00e9 de 11% d\u2019ingr\u00e9dients revaloris\u00e9s, il alimentera vos efforts d\u2019endurance tout en minimisant votre impact environnemental.<\/p>\n<p>La Soupe Sal\u00e9e est pr\u00e9par\u00e9e avec un bouillon de l\u00e9gumes savoureux, des ingr\u00e9dients upcycl\u00e9s et peut \u00eatre consomm\u00e9e chaude ou froide. Son zip refermable permet une consommation adapt\u00e9e et des recharges \u00e0 partir du format vrac pour une utilisation nomade.<\/p>\n<p>Un sachet fournit 250 calories par 500 ml d\u2019eau, offrant une nutrition compl\u00e8te pour une \u00e9nergie longue dur\u00e9e.<\/p>\n","protected":false},"excerpt":{"rendered":"<p>Allez plus loin et plus longtemps avec la boisson d'effort N\u00e4ak Ultra Energy\u2122. Rafra\u00eechissant, facile \u00e0 dig\u00e9rer et compos\u00e9 de 11% d\u2019ingr\u00e9dients revaloris\u00e9s, il alimentera vos efforts d\u2019endurance tout en minimisant votre impact environnemental. La Soupe Sal\u00e9e est pr\u00e9par\u00e9e avec un bouillon de l\u00e9gumes savoureux, des ingr\u00e9dients upcycl\u00e9s et peut \u00eatre consomm\u00e9e chaude ou froide. [&hellip;]<\/p>\n","protected":false},"featured_media":3656,"template":"","meta":[],"pwb-brand":[110],"product_brand":[],"product_cat":[84],"product_tag":[],"class_list":{"0":"post-1935","1":"product","2":"type-product","3":"status-publish","4":"has-post-thumbnail","6":"pwb-brand-naak","7":"product_cat-nutrition","9":"first","10":"instock","11":"shipping-taxable","12":"purchasable","13":"product-type-simple"},"brands":[{"id":110,"name":"NAAK","slug":"naak"}],"_links":{"self":[{"href":"https:\/\/rrunning.tribalt.agency\/index.php?rest_route=\/wp\/v2\/product\/1935","targetHints":{"allow":["GET"]}}],"collection":[{"href":"https:\/\/rrunning.tribalt.agency\/index.php?rest_route=\/wp\/v2\/product"}],"about":[{"href":"https:\/\/rrunning.tribalt.agency\/index.php?rest_route=\/wp\/v2\/types\/product"}],"wp:featuredmedia":[{"embeddable":true,"href":"https:\/\/rrunning.tribalt.agency\/index.php?rest_route=\/wp\/v2\/media\/3656"}],"wp:attachment":[{"href":"https:\/\/rrunning.tribalt.agency\/index.php?rest_route=%2Fwp%2Fv2%2Fmedia&parent=1935"}],"wp:term":[{"taxonomy":"pwb-brand","embeddable":true,"href":"https:\/\/rrunning.tribalt.agency\/index.php?rest_route=%2Fwp%2Fv2%2Fpwb-brand&post=1935"},{"taxonomy":"product_brand","embeddable":true,"href":"https:\/\/rrunning.tribalt.agency\/index.php?rest_route=%2Fwp%2Fv2%2Fproduct_brand&post=1935"},{"taxonomy":"product_cat","embeddable":true,"href":"https:\/\/rrunning.tribalt.agency\/index.php?rest_route=%2Fwp%2Fv2%2Fproduct_cat&post=1935"},{"taxonomy":"product_tag","embeddable":true,"href":"https:\/\/rrunning.tribalt.agency\/index.php?rest_route=%2Fwp%2Fv2%2Fproduct_tag&post=1935"}],"curies":[{"name":"wp","href":"https:\/\/api.w.org\/{rel}","templated":true}]}}