{"id":1895,"date":"2025-07-01T09:13:40","date_gmt":"2025-07-01T07:13:40","guid":{"rendered":"https:\/\/rrunning.tribalt.agency\/?post_type=product&#038;p=1895"},"modified":"2025-07-01T09:15:02","modified_gmt":"2025-07-01T07:15:02","slug":"r2-aero-black-red-2","status":"publish","type":"product","link":"https:\/\/rrunning.tribalt.agency\/?product=r2-aero-black-red-2","title":{"rendered":"R2 AERO BLACK\/RED"},"content":{"rendered":"<p>Ce n\u2019est pas un secret, notre manchon de compression R2v2 a r\u00e9volutionn\u00e9 les v\u00eatements de sport, en s\u2019imposant comme la nouvelle norme et en se hissant sur de tr\u00e8s nombreux podiums. Notre manchon R2 Aero va encore plus loin. D\u00e9velopp\u00e9 dans une soufflerie utilis\u00e9e par les \u00e9quipes de Formule 1, c\u2019est notre manchon de compression le plus a\u00e9rodynamique \u00e0 ce jour, con\u00e7u pour les \u00e9preuves de v\u00e9lo \u00e0 grande vitesse. La combinaison de nos bandes Aero.Stripes et Aero.Dots uniques cr\u00e9e des microturbulences \u00e0 l\u2019avant du mollet et r\u00e9duit la r\u00e9sistance, tandis que les bandes de ventilation \u00e0 l\u2019arri\u00e8re vous gardent au frais m\u00eame quand la chaleur est au rendez-vous. Et puisqu\u2019il s\u2019agit d\u2019un manchon R2, nous avons veill\u00e9 \u00e0 ce qu\u2019il vous apporte un confort et un soutien optimum. Mis \u00e0 l\u2019\u00e9preuve, le manchon R2 Aero a d\u00e9montr\u00e9 un gain de puissance av\u00e9r\u00e9 de sept \u00e0 huit watts par rapport au cyclisme sans manchon. Sur de longues distances comme les 180 km que vous passez \u00e0 faire tourner les p\u00e9dales pendant un Ironman\u00ae, ce ne sont pas seulement des secondes qui sont gagn\u00e9es, ce sont des minutes. Et quand chaque seconde compte, une minute c\u2019est beaucoup.<\/p>\n","protected":false},"excerpt":{"rendered":"<p>Ce n\u2019est pas un secret, notre manchon de compression R2v2 a r\u00e9volutionn\u00e9 les v\u00eatements de sport, en s\u2019imposant comme la nouvelle norme et en se hissant sur de tr\u00e8s nombreux podiums. Notre manchon R2 Aero va encore plus loin. D\u00e9velopp\u00e9 dans une soufflerie utilis\u00e9e par les \u00e9quipes de Formule 1, c\u2019est notre manchon de compression [&hellip;]<\/p>\n","protected":false},"featured_media":1896,"template":"","meta":[],"pwb-brand":[97],"product_brand":[],"product_cat":[32],"product_tag":[],"class_list":{"0":"post-1895","1":"product","2":"type-product","3":"status-publish","4":"has-post-thumbnail","6":"pwb-brand-compressport","7":"product_cat-manchons","9":"first","10":"instock","11":"shipping-taxable","12":"purchasable","13":"product-type-simple"},"brands":[{"id":97,"name":"COMPRESSPORT","slug":"compressport"}],"_links":{"self":[{"href":"https:\/\/rrunning.tribalt.agency\/index.php?rest_route=\/wp\/v2\/product\/1895","targetHints":{"allow":["GET"]}}],"collection":[{"href":"https:\/\/rrunning.tribalt.agency\/index.php?rest_route=\/wp\/v2\/product"}],"about":[{"href":"https:\/\/rrunning.tribalt.agency\/index.php?rest_route=\/wp\/v2\/types\/product"}],"wp:featuredmedia":[{"embeddable":true,"href":"https:\/\/rrunning.tribalt.agency\/index.php?rest_route=\/wp\/v2\/media\/1896"}],"wp:attachment":[{"href":"https:\/\/rrunning.tribalt.agency\/index.php?rest_route=%2Fwp%2Fv2%2Fmedia&parent=1895"}],"wp:term":[{"taxonomy":"pwb-brand","embeddable":true,"href":"https:\/\/rrunning.tribalt.agency\/index.php?rest_route=%2Fwp%2Fv2%2Fpwb-brand&post=1895"},{"taxonomy":"product_brand","embeddable":true,"href":"https:\/\/rrunning.tribalt.agency\/index.php?rest_route=%2Fwp%2Fv2%2Fproduct_brand&post=1895"},{"taxonomy":"product_cat","embeddable":true,"href":"https:\/\/rrunning.tribalt.agency\/index.php?rest_route=%2Fwp%2Fv2%2Fproduct_cat&post=1895"},{"taxonomy":"product_tag","embeddable":true,"href":"https:\/\/rrunning.tribalt.agency\/index.php?rest_route=%2Fwp%2Fv2%2Fproduct_tag&post=1895"}],"curies":[{"name":"wp","href":"https:\/\/api.w.org\/{rel}","templated":true}]}}