{"id":1864,"date":"2025-07-01T08:46:00","date_gmt":"2025-07-01T06:46:00","guid":{"rendered":"https:\/\/rrunning.tribalt.agency\/?post_type=product&#038;p=1864"},"modified":"2025-07-01T08:46:40","modified_gmt":"2025-07-01T06:46:40","slug":"socquette-trail-ultra-noir-gris","status":"publish","type":"product","link":"https:\/\/rrunning.tribalt.agency\/?product=socquette-trail-ultra-noir-gris","title":{"rendered":"SOCQUETTE TRAIL ULTRA NOIR \/ GRIS"},"content":{"rendered":"<p>D\u00e9couvrez la chaussette TRAIL ULTRA MID, con\u00e7ue en France pour les passionn\u00e9s de trail. Gr\u00e2ce \u00e0 sa semelle anatomique 3D et son maintien stabilisateur 360\u00b0, elle offre confort, adh\u00e9rence et soutien sur tous les terrains. Performante et r\u00e9sistante, elle est id\u00e9ale pour affronter les d\u00e9fis les plus exigeants.<\/p>\n","protected":false},"excerpt":{"rendered":"<p>D\u00e9couvrez la chaussette TRAIL ULTRA MID, con\u00e7ue en France pour les passionn\u00e9s de trail. Gr\u00e2ce \u00e0 sa semelle anatomique 3D et son maintien stabilisateur 360\u00b0, elle offre confort, adh\u00e9rence et soutien sur tous les terrains. Performante et r\u00e9sistante, elle est id\u00e9ale pour affronter les d\u00e9fis les plus exigeants.<\/p>\n","protected":false},"featured_media":1865,"template":"","meta":[],"pwb-brand":[93],"product_brand":[],"product_cat":[28],"product_tag":[],"class_list":{"0":"post-1864","1":"product","2":"type-product","3":"status-publish","4":"has-post-thumbnail","6":"pwb-brand-bv-sport","7":"product_cat-chaussettes","9":"first","10":"instock","11":"shipping-taxable","12":"purchasable","13":"product-type-simple"},"brands":[{"id":93,"name":"BV SPORT","slug":"bv-sport"}],"_links":{"self":[{"href":"https:\/\/rrunning.tribalt.agency\/index.php?rest_route=\/wp\/v2\/product\/1864","targetHints":{"allow":["GET"]}}],"collection":[{"href":"https:\/\/rrunning.tribalt.agency\/index.php?rest_route=\/wp\/v2\/product"}],"about":[{"href":"https:\/\/rrunning.tribalt.agency\/index.php?rest_route=\/wp\/v2\/types\/product"}],"wp:featuredmedia":[{"embeddable":true,"href":"https:\/\/rrunning.tribalt.agency\/index.php?rest_route=\/wp\/v2\/media\/1865"}],"wp:attachment":[{"href":"https:\/\/rrunning.tribalt.agency\/index.php?rest_route=%2Fwp%2Fv2%2Fmedia&parent=1864"}],"wp:term":[{"taxonomy":"pwb-brand","embeddable":true,"href":"https:\/\/rrunning.tribalt.agency\/index.php?rest_route=%2Fwp%2Fv2%2Fpwb-brand&post=1864"},{"taxonomy":"product_brand","embeddable":true,"href":"https:\/\/rrunning.tribalt.agency\/index.php?rest_route=%2Fwp%2Fv2%2Fproduct_brand&post=1864"},{"taxonomy":"product_cat","embeddable":true,"href":"https:\/\/rrunning.tribalt.agency\/index.php?rest_route=%2Fwp%2Fv2%2Fproduct_cat&post=1864"},{"taxonomy":"product_tag","embeddable":true,"href":"https:\/\/rrunning.tribalt.agency\/index.php?rest_route=%2Fwp%2Fv2%2Fproduct_tag&post=1864"}],"curies":[{"name":"wp","href":"https:\/\/api.w.org\/{rel}","templated":true}]}}