{"id":1771,"date":"2025-06-26T13:51:08","date_gmt":"2025-06-26T11:51:08","guid":{"rendered":"https:\/\/rrunning.tribalt.agency\/?post_type=product&#038;p=1771"},"modified":"2025-09-01T12:29:44","modified_gmt":"2025-09-01T10:29:44","slug":"full-socks-oxygen-white","status":"publish","type":"product","link":"https:\/\/rrunning.tribalt.agency\/?product=full-socks-oxygen-white","title":{"rendered":"FULL SOCKS OXYGEN WHITE"},"content":{"rendered":"<p>La nouvelle g\u00e9n\u00e9ration de Full Socks Oxygen hisse le soutien musculaire et la ventilation \u00e0 un niveau sup\u00e9rieur : vous pouvez compter sur un alli\u00e9 redoutable pour les courses rapides dans les contextes les plus chauds. Ces chaussettes de compression pour la course \u00e0 pied et les sports d`endurance sont l\u00e9g\u00e8res comme une plume, offrant une sensation de seconde peau in\u00e9gal\u00e9e et un confort exceptional gr\u00e2ce \u00e0 un tissu en maillage ultra-doux. Pour notre chaussette la plus l\u00e9g\u00e8re de la gamme Compressport, l`a\u00e9ration et la respirabilit\u00e9 sont primordiales : les bandes de ventilation entrelac\u00e9es en zigzag partent de la base du mollet, puis leur hauteur augmente progressivement autour du muscle, pour une dilatation et une respiration naturelle lors des efforts intenses. Cette ventilation gradu\u00e9e assure une thermor\u00e9gulation de tr\u00e8s haut niveau pour vous accompagner lors de vos plus grandes courses. Les fibres incroyablement fines conservent toutes les propri\u00e9t\u00e9s et avantages de la compression, pour un soutien et une protection maximale du pied et des mollets, tout en limitant les chocs et les vibrations dans les muscles et les tendons. L`oxyg\u00e9nation des muscles est am\u00e9lior\u00e9e jusqu`\u00e0 10 %, ce qui retarde l`apparition de la fatigue et augmente les performances. Les 3D.Dots soigneusement plac\u00e9s autour du pied offrent une meilleure adh\u00e9rence dans la chaussure et remontent jusqu`au tendon d`Achille pour stimuler la circulation sanguine et absorber les chocs. La structure et le volume des Dots sont r\u00e9duits par rapport \u00e0 d`autres mod\u00e8les de chaussettes pour obtenir une l\u00e9g\u00e8ret\u00e9 g\u00e9n\u00e9rale, mais leur efficacit\u00e9 est conserv\u00e9e. Enfin, nos nouveaux logos tricot\u00e9s durables garantissent que la signature de Compressport restera en place dans les conditions les plus difficiles - tout comme vous. Que vous soyez un marathonien ou un coureur de fond, ne faites aucun compromis sur le confort et les performances avec ces chaussettes de compression ultral\u00e9g\u00e8res et rafra\u00eechissantes !<\/p>\n","protected":false},"excerpt":{"rendered":"<p>La nouvelle g\u00e9n\u00e9ration de Full Socks Oxygen hisse le soutien musculaire et la ventilation \u00e0 un niveau sup\u00e9rieur : vous pouvez compter sur un alli\u00e9 redoutable pour les courses rapides dans les contextes les plus chauds. Ces chaussettes de compression pour la course \u00e0 pied et les sports d`endurance sont l\u00e9g\u00e8res comme une plume, offrant [&hellip;]<\/p>\n","protected":false},"featured_media":1772,"template":"","meta":[],"pwb-brand":[97],"product_brand":[],"product_cat":[28],"product_tag":[],"class_list":{"0":"post-1771","1":"product","2":"type-product","3":"status-publish","4":"has-post-thumbnail","6":"pwb-brand-compressport","7":"product_cat-chaussettes","9":"first","10":"instock","11":"shipping-taxable","12":"purchasable","13":"product-type-simple"},"brands":[{"id":97,"name":"COMPRESSPORT","slug":"compressport"}],"_links":{"self":[{"href":"https:\/\/rrunning.tribalt.agency\/index.php?rest_route=\/wp\/v2\/product\/1771","targetHints":{"allow":["GET"]}}],"collection":[{"href":"https:\/\/rrunning.tribalt.agency\/index.php?rest_route=\/wp\/v2\/product"}],"about":[{"href":"https:\/\/rrunning.tribalt.agency\/index.php?rest_route=\/wp\/v2\/types\/product"}],"wp:featuredmedia":[{"embeddable":true,"href":"https:\/\/rrunning.tribalt.agency\/index.php?rest_route=\/wp\/v2\/media\/1772"}],"wp:attachment":[{"href":"https:\/\/rrunning.tribalt.agency\/index.php?rest_route=%2Fwp%2Fv2%2Fmedia&parent=1771"}],"wp:term":[{"taxonomy":"pwb-brand","embeddable":true,"href":"https:\/\/rrunning.tribalt.agency\/index.php?rest_route=%2Fwp%2Fv2%2Fpwb-brand&post=1771"},{"taxonomy":"product_brand","embeddable":true,"href":"https:\/\/rrunning.tribalt.agency\/index.php?rest_route=%2Fwp%2Fv2%2Fproduct_brand&post=1771"},{"taxonomy":"product_cat","embeddable":true,"href":"https:\/\/rrunning.tribalt.agency\/index.php?rest_route=%2Fwp%2Fv2%2Fproduct_cat&post=1771"},{"taxonomy":"product_tag","embeddable":true,"href":"https:\/\/rrunning.tribalt.agency\/index.php?rest_route=%2Fwp%2Fv2%2Fproduct_tag&post=1771"}],"curies":[{"name":"wp","href":"https:\/\/api.w.org\/{rel}","templated":true}]}}