{"id":1761,"date":"2025-06-26T13:40:36","date_gmt":"2025-06-26T11:40:36","guid":{"rendered":"https:\/\/rrunning.tribalt.agency\/?post_type=product&#038;p=1761"},"modified":"2025-06-26T13:42:15","modified_gmt":"2025-06-26T11:42:15","slug":"armforce-ultralight-black","status":"publish","type":"product","link":"https:\/\/rrunning.tribalt.agency\/?product=armforce-ultralight-black","title":{"rendered":"ARMFORCE ULTRALIGHT BLACK"},"content":{"rendered":"<p>Parfois le temps est tellement compt\u00e9 que s'arr\u00eater pour retirer des couches n'est pas une option; disposer d'une solution flexible et efficace est primordiale. Con\u00e7ues avec la m\u00eame mati\u00e8re que nos chaussettes haute performance, les manchettes Armforce Ultralight sont extr\u00eamement l\u00e9g\u00e8res et confortables. La thermor\u00e9gulation est l'atout num\u00e9ro un ; une propri\u00e9t\u00e9 primordiale lorsque les temp\u00e9ratures baissent. Une l\u00e9g\u00e8re compression soutien les muscles des biceps et des avant-bras et stimule la circulation sanguine pour une fra\u00eecheur avant, pendant et apr\u00e8s le sport. Une attention particuli\u00e8re a \u00e9t\u00e9 port\u00e9e au pli du coude, o\u00f9 un tissage plus l\u00e9ger garantit \u00e0 la fois une ventilation efficace et une libert\u00e9 de mouvement exceptionnelle. Enfin, nos 3D.Dots sont plac\u00e9s sur les avant-bras pour am\u00e9liorer le flux sanguin, mais font \u00e9galement de tr\u00e8s bons bandeaux pour essuyer la sueur du front lorsque l\u2019intensit\u00e9 augmente. Portez ces manchettes noires \u00e0 v\u00e9lo, en trail ou pour toute autre activit\u00e9 sportive! Rapides \u00e0 enfiler et \u00e0 retirer, elles sont une solution passe-partout, pratique et efficace, avec en prime l'avantage d'une l\u00e9g\u00e8re compression.<\/p>\n","protected":false},"excerpt":{"rendered":"<p>Parfois le temps est tellement compt\u00e9 que s'arr\u00eater pour retirer des couches n'est pas une option; disposer d'une solution flexible et efficace est primordiale. Con\u00e7ues avec la m\u00eame mati\u00e8re que nos chaussettes haute performance, les manchettes Armforce Ultralight sont extr\u00eamement l\u00e9g\u00e8res et confortables. La thermor\u00e9gulation est l'atout num\u00e9ro un ; une propri\u00e9t\u00e9 primordiale lorsque les [&hellip;]<\/p>\n","protected":false},"featured_media":1762,"template":"","meta":[],"pwb-brand":[97],"product_brand":[],"product_cat":[32],"product_tag":[],"class_list":{"0":"post-1761","1":"product","2":"type-product","3":"status-publish","4":"has-post-thumbnail","6":"pwb-brand-compressport","7":"product_cat-manchons","9":"first","10":"instock","11":"shipping-taxable","12":"purchasable","13":"product-type-simple"},"brands":[{"id":97,"name":"COMPRESSPORT","slug":"compressport"}],"_links":{"self":[{"href":"https:\/\/rrunning.tribalt.agency\/index.php?rest_route=\/wp\/v2\/product\/1761","targetHints":{"allow":["GET"]}}],"collection":[{"href":"https:\/\/rrunning.tribalt.agency\/index.php?rest_route=\/wp\/v2\/product"}],"about":[{"href":"https:\/\/rrunning.tribalt.agency\/index.php?rest_route=\/wp\/v2\/types\/product"}],"wp:featuredmedia":[{"embeddable":true,"href":"https:\/\/rrunning.tribalt.agency\/index.php?rest_route=\/wp\/v2\/media\/1762"}],"wp:attachment":[{"href":"https:\/\/rrunning.tribalt.agency\/index.php?rest_route=%2Fwp%2Fv2%2Fmedia&parent=1761"}],"wp:term":[{"taxonomy":"pwb-brand","embeddable":true,"href":"https:\/\/rrunning.tribalt.agency\/index.php?rest_route=%2Fwp%2Fv2%2Fpwb-brand&post=1761"},{"taxonomy":"product_brand","embeddable":true,"href":"https:\/\/rrunning.tribalt.agency\/index.php?rest_route=%2Fwp%2Fv2%2Fproduct_brand&post=1761"},{"taxonomy":"product_cat","embeddable":true,"href":"https:\/\/rrunning.tribalt.agency\/index.php?rest_route=%2Fwp%2Fv2%2Fproduct_cat&post=1761"},{"taxonomy":"product_tag","embeddable":true,"href":"https:\/\/rrunning.tribalt.agency\/index.php?rest_route=%2Fwp%2Fv2%2Fproduct_tag&post=1761"}],"curies":[{"name":"wp","href":"https:\/\/api.w.org\/{rel}","templated":true}]}}