{"id":1753,"date":"2025-06-26T13:31:35","date_gmt":"2025-06-26T11:31:35","guid":{"rendered":"https:\/\/rrunning.tribalt.agency\/?post_type=product&#038;p=1753"},"modified":"2025-06-26T13:32:40","modified_gmt":"2025-06-26T11:32:40","slug":"recovery-smoothie-double-chocolat","status":"publish","type":"product","link":"https:\/\/rrunning.tribalt.agency\/?product=recovery-smoothie-double-chocolat","title":{"rendered":"RECOVERY SMOOTHIE-DOUBLE CHOCOLAT"},"content":{"rendered":"<p>D\u00e9couvrez notre boisson de r\u00e9cup\u00e9ration, \u00e0 consommer apr\u00e8s une activit\u00e9 physique intense et\/ou de longue dur\u00e9e. Disponible en trois saveurs : chocolat, vanille et caramel beurre sal\u00e9, notre produit est con\u00e7u pour fournir \u00e0 votre corps tous les nutriments dont il a besoin pour se r\u00e9g\u00e9n\u00e9rer efficacement.<\/p>\n<p>Apr\u00e8s un effort long ou intense, l'organisme a besoin de se r\u00e9hydrater, de se remin\u00e9raliser, de recharger les r\u00e9serves \u00e9nerg\u00e9tiques et d'assurer la reconstruction musculaire. Notre boisson vous apporte les \u00e9l\u00e9ments n\u00e9cessaires \u00e0 chacune de ces fonctions :<\/p>\n<p>- Des glucides \u00e0 index glyc\u00e9mique \u00e9lev\u00e9 pour refaire rapidement les stocks de glycog\u00e8ne.<\/p>\n<p>- Des prot\u00e9ines pour r\u00e9duire la d\u00e9gradation musculaire ou catabolisme et entamer la reconstruction musculaire.<\/p>\n<p>- Des vitamines et du sodium pour remin\u00e9raliser l'organisme, \u00e9liminer les toxines, renforcer le syst\u00e8me immunitaire et favoriser la r\u00e9hydratation.<\/p>\n<p>- Des BCAA, dans un ratio de 4:1:1 (leucine, valine, isoleucine), et de la glutamine, pour favoriser la synth\u00e8se prot\u00e9ique et la r\u00e9cup\u00e9ration des tissus musculaires.<\/p>\n","protected":false},"excerpt":{"rendered":"<p>D\u00e9couvrez notre boisson de r\u00e9cup\u00e9ration, \u00e0 consommer apr\u00e8s une activit\u00e9 physique intense et\/ou de longue dur\u00e9e. Disponible en trois saveurs : chocolat, vanille et caramel beurre sal\u00e9, notre produit est con\u00e7u pour fournir \u00e0 votre corps tous les nutriments dont il a besoin pour se r\u00e9g\u00e9n\u00e9rer efficacement. Apr\u00e8s un effort long ou intense, l'organisme a [&hellip;]<\/p>\n","protected":false},"featured_media":1754,"template":"","meta":[],"pwb-brand":[128],"product_brand":[],"product_cat":[84],"product_tag":[],"class_list":{"0":"post-1753","1":"product","2":"type-product","3":"status-publish","4":"has-post-thumbnail","6":"pwb-brand-ta-energie","7":"product_cat-nutrition","9":"first","10":"instock","11":"shipping-taxable","12":"purchasable","13":"product-type-simple"},"brands":[{"id":128,"name":"TA ENERGIE","slug":"ta-energie"}],"_links":{"self":[{"href":"https:\/\/rrunning.tribalt.agency\/index.php?rest_route=\/wp\/v2\/product\/1753","targetHints":{"allow":["GET"]}}],"collection":[{"href":"https:\/\/rrunning.tribalt.agency\/index.php?rest_route=\/wp\/v2\/product"}],"about":[{"href":"https:\/\/rrunning.tribalt.agency\/index.php?rest_route=\/wp\/v2\/types\/product"}],"wp:featuredmedia":[{"embeddable":true,"href":"https:\/\/rrunning.tribalt.agency\/index.php?rest_route=\/wp\/v2\/media\/1754"}],"wp:attachment":[{"href":"https:\/\/rrunning.tribalt.agency\/index.php?rest_route=%2Fwp%2Fv2%2Fmedia&parent=1753"}],"wp:term":[{"taxonomy":"pwb-brand","embeddable":true,"href":"https:\/\/rrunning.tribalt.agency\/index.php?rest_route=%2Fwp%2Fv2%2Fpwb-brand&post=1753"},{"taxonomy":"product_brand","embeddable":true,"href":"https:\/\/rrunning.tribalt.agency\/index.php?rest_route=%2Fwp%2Fv2%2Fproduct_brand&post=1753"},{"taxonomy":"product_cat","embeddable":true,"href":"https:\/\/rrunning.tribalt.agency\/index.php?rest_route=%2Fwp%2Fv2%2Fproduct_cat&post=1753"},{"taxonomy":"product_tag","embeddable":true,"href":"https:\/\/rrunning.tribalt.agency\/index.php?rest_route=%2Fwp%2Fv2%2Fproduct_tag&post=1753"}],"curies":[{"name":"wp","href":"https:\/\/api.w.org\/{rel}","templated":true}]}}