{"id":1698,"date":"2025-06-26T12:30:54","date_gmt":"2025-06-26T10:30:54","guid":{"rendered":"https:\/\/rrunning.tribalt.agency\/?post_type=product&#038;p=1698"},"modified":"2025-06-26T12:32:09","modified_gmt":"2025-06-26T10:32:09","slug":"capsules-de-sel","status":"publish","type":"product","link":"https:\/\/rrunning.tribalt.agency\/?product=capsules-de-sel","title":{"rendered":"CAPSULES DE SEL"},"content":{"rendered":"<p>Vous ressentez des sympt\u00f4mes de d\u00e9shydratation pendant l'effort, tels que crampes musculaires, fatigue excessive ou maux de t\u00eate ? D\u00e9couvrez nos capsules de sel con\u00e7ues pour r\u00e9pondre \u00e0 ces besoins sp\u00e9cifiques !<\/p>\n<p>Les sportifs, en particulier lors d'activit\u00e9s physiques par temps chaud, sont particuli\u00e8rement sujets \u00e0 la d\u00e9shydratation en raison des pertes hydriques importantes.<\/p>\n<p>Il est essentiel de souligner que l'eau enrichie en \u00e9lectrolytes est bien mieux assimil\u00e9e par le corps que l'eau d\u00e9pourvue de min\u00e9raux. C'est pourquoi nous nous effor\u00e7ons de garantir une hydratation optimale \u00e0 travers nos capsules de sel, enrichies en vitamines et \u00e9lectrolytes.<\/p>\n","protected":false},"excerpt":{"rendered":"<p>Vous ressentez des sympt\u00f4mes de d\u00e9shydratation pendant l'effort, tels que crampes musculaires, fatigue excessive ou maux de t\u00eate ? D\u00e9couvrez nos capsules de sel con\u00e7ues pour r\u00e9pondre \u00e0 ces besoins sp\u00e9cifiques ! Les sportifs, en particulier lors d'activit\u00e9s physiques par temps chaud, sont particuli\u00e8rement sujets \u00e0 la d\u00e9shydratation en raison des pertes hydriques importantes. Il [&hellip;]<\/p>\n","protected":false},"featured_media":1699,"template":"","meta":[],"pwb-brand":[128],"product_brand":[],"product_cat":[84],"product_tag":[],"class_list":{"0":"post-1698","1":"product","2":"type-product","3":"status-publish","4":"has-post-thumbnail","6":"pwb-brand-ta-energie","7":"product_cat-nutrition","9":"first","10":"instock","11":"shipping-taxable","12":"purchasable","13":"product-type-simple"},"brands":[{"id":128,"name":"TA ENERGIE","slug":"ta-energie"}],"_links":{"self":[{"href":"https:\/\/rrunning.tribalt.agency\/index.php?rest_route=\/wp\/v2\/product\/1698","targetHints":{"allow":["GET"]}}],"collection":[{"href":"https:\/\/rrunning.tribalt.agency\/index.php?rest_route=\/wp\/v2\/product"}],"about":[{"href":"https:\/\/rrunning.tribalt.agency\/index.php?rest_route=\/wp\/v2\/types\/product"}],"wp:featuredmedia":[{"embeddable":true,"href":"https:\/\/rrunning.tribalt.agency\/index.php?rest_route=\/wp\/v2\/media\/1699"}],"wp:attachment":[{"href":"https:\/\/rrunning.tribalt.agency\/index.php?rest_route=%2Fwp%2Fv2%2Fmedia&parent=1698"}],"wp:term":[{"taxonomy":"pwb-brand","embeddable":true,"href":"https:\/\/rrunning.tribalt.agency\/index.php?rest_route=%2Fwp%2Fv2%2Fpwb-brand&post=1698"},{"taxonomy":"product_brand","embeddable":true,"href":"https:\/\/rrunning.tribalt.agency\/index.php?rest_route=%2Fwp%2Fv2%2Fproduct_brand&post=1698"},{"taxonomy":"product_cat","embeddable":true,"href":"https:\/\/rrunning.tribalt.agency\/index.php?rest_route=%2Fwp%2Fv2%2Fproduct_cat&post=1698"},{"taxonomy":"product_tag","embeddable":true,"href":"https:\/\/rrunning.tribalt.agency\/index.php?rest_route=%2Fwp%2Fv2%2Fproduct_tag&post=1698"}],"curies":[{"name":"wp","href":"https:\/\/api.w.org\/{rel}","templated":true}]}}