{"id":1696,"date":"2025-06-26T12:29:49","date_gmt":"2025-06-26T10:29:49","guid":{"rendered":"https:\/\/rrunning.tribalt.agency\/?post_type=product&#038;p=1696"},"modified":"2025-06-26T12:30:36","modified_gmt":"2025-06-26T10:30:36","slug":"capsules-de-omega-3","status":"publish","type":"product","link":"https:\/\/rrunning.tribalt.agency\/?product=capsules-de-omega-3","title":{"rendered":"CAPSULES DE OMEGA 3"},"content":{"rendered":"<p>D\u00e9couvrez nos capsules d'om\u00e9ga 3, fabriqu\u00e9es \u00e0 partir d'huile de poisson, con\u00e7ues pour vous aider \u00e0 atteindre les recommandations journali\u00e8res et \u00e0 r\u00e9tablir l'\u00e9quilibre entre om\u00e9ga 3 et om\u00e9ga 6.<\/p>\n<p>Il est aujourd'hui \u00e9tabli qu'un d\u00e9s\u00e9quilibre alimentaire entre om\u00e9ga 3 et om\u00e9ga 6 peut engendrer des inflammations, contribuant \u00e0 certaines pathologies telles que les tendinopathies ou les maladies cardio-vasculaires. De plus, l'activit\u00e9 physique, selon son intensit\u00e9, peut \u00e9galement cr\u00e9er un terrain pro-inflammatoire. Il est donc judicieux de consommer des om\u00e9ga 3, reconnus pour leurs propri\u00e9t\u00e9s anti-inflammatoires, afin de r\u00e9guler l'ensemble.<\/p>\n<p>Outre leur impact anti-inflammatoire, les om\u00e9ga 3 contribuent de mani\u00e8re significative \u00e0 la performance sportive. Une consommation r\u00e9guli\u00e8re am\u00e9liore la fonction musculaire, r\u00e9gule le syst\u00e8me hormonal, stimule la fonction nerveuse et favorise la fluidit\u00e9 membranaire.<\/p>\n<p>Ces lipides, appel\u00e9s acides gras essentiels, ne peuvent \u00eatre synth\u00e9tis\u00e9s par l'organisme et doivent \u00eatre apport\u00e9s par le biais de l'alimentation ou de la suppl\u00e9mentation. On les trouve principalement dans les poissons gras (maquereaux, sardines, saumon, hareng, foie de morue) et les v\u00e9g\u00e9taux (huile et graines de lin, huile de colza). Cependant, \u00e0 concentration \u00e9gale, ceux des poissons sont bien mieux absorb\u00e9s que leurs \u00e9quivalents v\u00e9g\u00e9taux.<\/p>\n<p>Les om\u00e9ga 3 actifs sont l'EPA (acide eicosapenta\u00e9no\u00efque) et le DHA (acide docosahexa\u00e9no\u00efque). Les recommandations minimales journali\u00e8res, hors pratique sportive, sont de 250 mg d'EPA plus DHA par jour.<\/p>\n","protected":false},"excerpt":{"rendered":"<p>D\u00e9couvrez nos capsules d'om\u00e9ga 3, fabriqu\u00e9es \u00e0 partir d'huile de poisson, con\u00e7ues pour vous aider \u00e0 atteindre les recommandations journali\u00e8res et \u00e0 r\u00e9tablir l'\u00e9quilibre entre om\u00e9ga 3 et om\u00e9ga 6. Il est aujourd'hui \u00e9tabli qu'un d\u00e9s\u00e9quilibre alimentaire entre om\u00e9ga 3 et om\u00e9ga 6 peut engendrer des inflammations, contribuant \u00e0 certaines pathologies telles que les tendinopathies [&hellip;]<\/p>\n","protected":false},"featured_media":1697,"template":"","meta":[],"pwb-brand":[128],"product_brand":[],"product_cat":[84],"product_tag":[],"class_list":{"0":"post-1696","1":"product","2":"type-product","3":"status-publish","4":"has-post-thumbnail","6":"pwb-brand-ta-energie","7":"product_cat-nutrition","9":"first","10":"instock","11":"shipping-taxable","12":"purchasable","13":"product-type-simple"},"brands":[{"id":128,"name":"TA ENERGIE","slug":"ta-energie"}],"_links":{"self":[{"href":"https:\/\/rrunning.tribalt.agency\/index.php?rest_route=\/wp\/v2\/product\/1696","targetHints":{"allow":["GET"]}}],"collection":[{"href":"https:\/\/rrunning.tribalt.agency\/index.php?rest_route=\/wp\/v2\/product"}],"about":[{"href":"https:\/\/rrunning.tribalt.agency\/index.php?rest_route=\/wp\/v2\/types\/product"}],"wp:featuredmedia":[{"embeddable":true,"href":"https:\/\/rrunning.tribalt.agency\/index.php?rest_route=\/wp\/v2\/media\/1697"}],"wp:attachment":[{"href":"https:\/\/rrunning.tribalt.agency\/index.php?rest_route=%2Fwp%2Fv2%2Fmedia&parent=1696"}],"wp:term":[{"taxonomy":"pwb-brand","embeddable":true,"href":"https:\/\/rrunning.tribalt.agency\/index.php?rest_route=%2Fwp%2Fv2%2Fpwb-brand&post=1696"},{"taxonomy":"product_brand","embeddable":true,"href":"https:\/\/rrunning.tribalt.agency\/index.php?rest_route=%2Fwp%2Fv2%2Fproduct_brand&post=1696"},{"taxonomy":"product_cat","embeddable":true,"href":"https:\/\/rrunning.tribalt.agency\/index.php?rest_route=%2Fwp%2Fv2%2Fproduct_cat&post=1696"},{"taxonomy":"product_tag","embeddable":true,"href":"https:\/\/rrunning.tribalt.agency\/index.php?rest_route=%2Fwp%2Fv2%2Fproduct_tag&post=1696"}],"curies":[{"name":"wp","href":"https:\/\/api.w.org\/{rel}","templated":true}]}}