{"id":1624,"date":"2025-06-26T10:19:07","date_gmt":"2025-06-26T08:19:07","guid":{"rendered":"https:\/\/rrunning.tribalt.agency\/?post_type=product&#038;p=1624"},"modified":"2025-09-17T17:35:40","modified_gmt":"2025-09-17T15:35:40","slug":"salt-electrolytes-60-gelules","status":"publish","type":"product","link":"https:\/\/rrunning.tribalt.agency\/?product=salt-electrolytes-60-gelules","title":{"rendered":"SALT &#038; ELECTROLYTES 60 GELULES"},"content":{"rendered":"<div class=\"product-information\">\n<div class=\"container-tab\">\n<div class=\"tab-content\">\n<div id=\"details\" class=\"tab-pane fade in active\" role=\"tabpanel\">\n<div class=\"product-description-classic\">\n<div class=\"container product-details-wrapper\">\n<div class=\"row\">\n<div class=\"col-xs-12 col-lg-offset-1 col-lg-10\">\n<div class=\"product-details-cell-description classic\">\n<h2>Qu'est-ce que les \u00e9lectrolytes ?<\/h2>\n<p>La pratique d'un sport d'endurance ou de longue dur\u00e9e (effort sup\u00e9rieur \u00e0 2 heures), en particulier sous forte chaleur peut n\u00e9cessiter un compl\u00e9ment en vitamines et min\u00e9raux.<\/p>\n<p>Votre organisme ne perd pas seulement de l'eau lorsqu'il transpire, il perd \u00e9galement des sels min\u00e9raux que l'on appelle \u00ab \u00e9lectrolytes \u00bb qui sont notamment : le\u00a0<strong>sodium<\/strong>, le\u00a0<strong>potassium<\/strong>, le\u00a0<strong>magn\u00e9sium<\/strong>\u00a0et le\u00a0<strong>calcium<\/strong>.<\/p>\n<p>Ces sels min\u00e9raux circulent dans le sang et ont pour d\u00e9nominateur commun l'excitabilit\u00e9 neuromusculaire, propri\u00e9t\u00e9 des muscles et des nerfs \u00e0 r\u00e9pondre \u00e0 des stimuli.<\/p>\n<h2>Quels sont les r\u00f4les des \u00e9lectrolytes pour le sportif ?<\/h2>\n<p>Les \u00e9lectrolytes sont essentiels \u00e0 l'organisme car ils jouent un r\u00f4le dans un tr\u00e8s grand nombre de r\u00e9actions m\u00e9taboliques.<\/p>\n<ul>\n<li>Le\u00a0<strong>sodium<\/strong>\u00a0et le\u00a0<strong>potassium<\/strong>\u00a0participent \u00e0 l'\u00e9quilibre hydrique entre le milieu intra et extra cellulaire. Durant l'effort, la pompe sodium \/ potassium situ\u00e9e au niveau des cellules musculaires fait donc p\u00e9n\u00e9trer l'eau dans vos cellules, ce qui permet de mieux vous hydrater.<\/li>\n<li>\n<ul>\n<li>Le\u00a0<strong>calcium<\/strong>\u00a0contribue au bon fonctionnement musculaire : ce sel min\u00e9ral constitue le lien entre l'excitation et la contraction musculaire.<\/li>\n<li>Le\u00a0<strong>magn\u00e9sium<\/strong>\u00a0contribue \u00e0 l'\u00e9quilibre \u00e9lectrolytique : en \u00ab\u00a0chef d'\u00e9quipe\u00a0\u00bb c'est lui qui r\u00e9gule les entr\u00e9es et sorties du calcium, du sodium et du potassium dans les cellules musculaires.<\/li>\n<\/ul>\n<h2>Comment utiliser Salt &amp; Electrolytes OVERSTIM.s<\/h2>\n<p>Pendant les efforts prolong\u00e9s et en particulier sous forte chaleur, consommer 1 g\u00e9lule toutes les 2 heures. Ne pas d\u00e9passer 6 g\u00e9lules par jour.<\/li>\n<\/ul>\n<\/div>\n<\/div>\n<\/div>\n<\/div>\n<\/div>\n<\/div>\n<\/div>\n<\/div>\n<\/div>\n","protected":false},"excerpt":{"rendered":"<p>Qu'est-ce que les \u00e9lectrolytes ? La pratique d'un sport d'endurance ou de longue dur\u00e9e (effort sup\u00e9rieur \u00e0 2 heures), en particulier sous forte chaleur peut n\u00e9cessiter un compl\u00e9ment en vitamines et min\u00e9raux. Votre organisme ne perd pas seulement de l'eau lorsqu'il transpire, il perd \u00e9galement des sels min\u00e9raux que l'on appelle \u00ab \u00e9lectrolytes \u00bb qui [&hellip;]<\/p>\n","protected":false},"featured_media":3738,"template":"","meta":[],"pwb-brand":[114],"product_brand":[],"product_cat":[84],"product_tag":[],"class_list":{"0":"post-1624","1":"product","2":"type-product","3":"status-publish","4":"has-post-thumbnail","6":"pwb-brand-overstims","7":"product_cat-nutrition","9":"first","10":"instock","11":"shipping-taxable","12":"purchasable","13":"product-type-simple"},"brands":[{"id":114,"name":"OVERSTIM'S","slug":"overstims"}],"_links":{"self":[{"href":"https:\/\/rrunning.tribalt.agency\/index.php?rest_route=\/wp\/v2\/product\/1624","targetHints":{"allow":["GET"]}}],"collection":[{"href":"https:\/\/rrunning.tribalt.agency\/index.php?rest_route=\/wp\/v2\/product"}],"about":[{"href":"https:\/\/rrunning.tribalt.agency\/index.php?rest_route=\/wp\/v2\/types\/product"}],"wp:featuredmedia":[{"embeddable":true,"href":"https:\/\/rrunning.tribalt.agency\/index.php?rest_route=\/wp\/v2\/media\/3738"}],"wp:attachment":[{"href":"https:\/\/rrunning.tribalt.agency\/index.php?rest_route=%2Fwp%2Fv2%2Fmedia&parent=1624"}],"wp:term":[{"taxonomy":"pwb-brand","embeddable":true,"href":"https:\/\/rrunning.tribalt.agency\/index.php?rest_route=%2Fwp%2Fv2%2Fpwb-brand&post=1624"},{"taxonomy":"product_brand","embeddable":true,"href":"https:\/\/rrunning.tribalt.agency\/index.php?rest_route=%2Fwp%2Fv2%2Fproduct_brand&post=1624"},{"taxonomy":"product_cat","embeddable":true,"href":"https:\/\/rrunning.tribalt.agency\/index.php?rest_route=%2Fwp%2Fv2%2Fproduct_cat&post=1624"},{"taxonomy":"product_tag","embeddable":true,"href":"https:\/\/rrunning.tribalt.agency\/index.php?rest_route=%2Fwp%2Fv2%2Fproduct_tag&post=1624"}],"curies":[{"name":"wp","href":"https:\/\/api.w.org\/{rel}","templated":true}]}}