{"id":1548,"date":"2025-06-25T10:25:28","date_gmt":"2025-06-25T08:25:28","guid":{"rendered":"https:\/\/rrunning.tribalt.agency\/?post_type=product&#038;p=1548"},"modified":"2025-06-25T10:30:48","modified_gmt":"2025-06-25T08:30:48","slug":"energix-gel-fraise-banane","status":"publish","type":"product","link":"https:\/\/rrunning.tribalt.agency\/?product=energix-gel-fraise-banane","title":{"rendered":"ENERGIX GEL FRAISE BANANE"},"content":{"rendered":"<div class=\"product-information\">\n<div class=\"container-tab\">\n<div class=\"tab-content\">\n<div id=\"details\" class=\"tab-pane fade in active\" role=\"tabpanel\">\n<div class=\"product-description-classic\">\n<div class=\"container product-details-wrapper\">\n<div class=\"row\">\n<div class=\"col-xs-12 col-lg-offset-1 col-lg-10\">\n<div class=\"product-details-cell-description classic\">\n<h2>Pourquoi choisir le gel \u00e9nerg\u00e9tique ENERGIX\u00a0?<\/h2>\n<p>Le gel \u00e9nerg\u00e9tique ENERGIX est sp\u00e9cialement con\u00e7u pour la longue distance. Il apporte une\u00a0<strong>\u00e9nergie durable<\/strong>\u00a0lors des pratiques sportives d'endurance telles que le marathon, le trail, le cyclisme, le VTT ou le triathlon.<\/p>\n<p>Pour un apport \u00e9nerg\u00e9tique constant, il se consomme \u00e0 intervalles r\u00e9guliers toutes les 45 minutes durant l'effort.<\/p>\n<h2>Une \u00e9nergie longue dur\u00e9e<\/h2>\n<p>Gr\u00e2ce \u00e0 sa formule innovante compos\u00e9e de\u00a0<strong>3 sources de glucides<\/strong>\u00a0(glucose, fructose, maltodextrine), le gel ENERGIX fournit une \u00e9nergie progressive et durable pour soutenir votre endurance et maintenir un niveau de performance optimal tout au long de l'effort.<\/p>\n<p>Chaque prise de gel vous apporte\u00a0<strong>26 g de glucides<\/strong>, soit\u00a0<strong>100 kcal<\/strong>.<\/p>\n<h2>R\u00e9duction de la fatigue &amp; r\u00e9sistance musculaire<\/h2>\n<p>Afin d'optimiser votre endurance sur la longue distance, le gel ENERGIX contient des BCAA et de la vitamine B6 qui jouent un r\u00f4le essentiel dans la\u00a0<strong>r\u00e9duction de la fatigue<\/strong>\u00a0et l'am\u00e9lioration de la\u00a0<strong>r\u00e9sistance musculaire<\/strong>.<\/p>\n<h2>Parfaitement tol\u00e9r\u00e9<\/h2>\n<p>Le gel ENERGIX se caract\u00e9rise par une texture liquide et une composition sans conservateur et sans acidit\u00e9, garantissant une\u00a0<strong>excellente tol\u00e9rance gastro-intestinale<\/strong>\u00a0sans craindre d'inconfort digestif, m\u00eame apr\u00e8s plusieurs heures d'effort.<\/p>\n<p>Gr\u00e2ce \u00e0 ses\u00a0<strong>ar\u00f4mes 100% naturels<\/strong>, il allie plaisir gustatif et efficacit\u00e9.<\/p>\n<h2>Nouveau format sachet, 20% d'\u00e9nergie en plus !<\/h2>\n<p>Avec son tout nouveau format sachet, le gel \u00e9nerg\u00e9tique ENERGIX vous offre d\u00e9sormais 20% d'\u00e9nergie en plus, dans un emballage plus compact, plus pratique et facilement transportable.<\/p>\n<p>Glissez-le ais\u00e9ment dans la poche de votre maillot, votre ceinture running ou votre sac trail, et maintenez vos performances o\u00f9 que vous soyez.<\/p>\n<h2>Bye Bye les tubes ... un geste pour la plan\u00e8te<\/h2>\n<p>En adoptant le nouveau format sachet, nous contribuons activement \u00e0\u00a0<strong>r\u00e9duire l'impact environnemental de nos emballages<\/strong>, r\u00e9duisant ainsi la consommation de plastique et le volume de d\u00e9chets produits.<\/p>\n<p>Faites un geste pour la plan\u00e8te tout en boostant vos performances sportives.<\/p>\n<\/div>\n<\/div>\n<\/div>\n<\/div>\n<\/div>\n<\/div>\n<\/div>\n<\/div>\n<\/div>\n","protected":false},"excerpt":{"rendered":"<p>Pourquoi choisir le gel \u00e9nerg\u00e9tique ENERGIX\u00a0? Le gel \u00e9nerg\u00e9tique ENERGIX est sp\u00e9cialement con\u00e7u pour la longue distance. Il apporte une\u00a0\u00e9nergie durable\u00a0lors des pratiques sportives d'endurance telles que le marathon, le trail, le cyclisme, le VTT ou le triathlon. Pour un apport \u00e9nerg\u00e9tique constant, il se consomme \u00e0 intervalles r\u00e9guliers toutes les 45 minutes durant l'effort. [&hellip;]<\/p>\n","protected":false},"featured_media":1549,"template":"","meta":[],"pwb-brand":[114],"product_brand":[],"product_cat":[84],"product_tag":[],"class_list":{"0":"post-1548","1":"product","2":"type-product","3":"status-publish","4":"has-post-thumbnail","6":"pwb-brand-overstims","7":"product_cat-nutrition","9":"first","10":"instock","11":"shipping-taxable","12":"purchasable","13":"product-type-simple"},"brands":[{"id":114,"name":"OVERSTIM'S","slug":"overstims"}],"_links":{"self":[{"href":"https:\/\/rrunning.tribalt.agency\/index.php?rest_route=\/wp\/v2\/product\/1548","targetHints":{"allow":["GET"]}}],"collection":[{"href":"https:\/\/rrunning.tribalt.agency\/index.php?rest_route=\/wp\/v2\/product"}],"about":[{"href":"https:\/\/rrunning.tribalt.agency\/index.php?rest_route=\/wp\/v2\/types\/product"}],"wp:featuredmedia":[{"embeddable":true,"href":"https:\/\/rrunning.tribalt.agency\/index.php?rest_route=\/wp\/v2\/media\/1549"}],"wp:attachment":[{"href":"https:\/\/rrunning.tribalt.agency\/index.php?rest_route=%2Fwp%2Fv2%2Fmedia&parent=1548"}],"wp:term":[{"taxonomy":"pwb-brand","embeddable":true,"href":"https:\/\/rrunning.tribalt.agency\/index.php?rest_route=%2Fwp%2Fv2%2Fpwb-brand&post=1548"},{"taxonomy":"product_brand","embeddable":true,"href":"https:\/\/rrunning.tribalt.agency\/index.php?rest_route=%2Fwp%2Fv2%2Fproduct_brand&post=1548"},{"taxonomy":"product_cat","embeddable":true,"href":"https:\/\/rrunning.tribalt.agency\/index.php?rest_route=%2Fwp%2Fv2%2Fproduct_cat&post=1548"},{"taxonomy":"product_tag","embeddable":true,"href":"https:\/\/rrunning.tribalt.agency\/index.php?rest_route=%2Fwp%2Fv2%2Fproduct_tag&post=1548"}],"curies":[{"name":"wp","href":"https:\/\/api.w.org\/{rel}","templated":true}]}}