{"id":1524,"date":"2025-06-25T10:07:43","date_gmt":"2025-06-25T08:07:43","guid":{"rendered":"https:\/\/rrunning.tribalt.agency\/?post_type=product&#038;p=1524"},"modified":"2025-06-25T10:08:36","modified_gmt":"2025-06-25T08:08:36","slug":"barres-ultra-fraise-myrtille","status":"publish","type":"product","link":"https:\/\/rrunning.tribalt.agency\/?product=barres-ultra-fraise-myrtille","title":{"rendered":"BARRES ULTRA FRAISE-MYRTILLE"},"content":{"rendered":"<div class=\"product-information\">\n<div class=\"container-tab\">\n<div class=\"tab-content\">\n<div id=\"details\" class=\"tab-pane fade in active\" role=\"tabpanel\">\n<div class=\"product-description-classic\">\n<div class=\"container product-details-wrapper\">\n<div class=\"row\">\n<div class=\"col-xs-12 col-lg-offset-1 col-lg-10\">\n<div class=\"product-details-cell-description classic\">\n<h2>Maintenez votre \u00e9nergie et vos performances<\/h2>\n<p>Lors des \u00e9preuves d'endurance telles que la course \u00e0 pied, le trail, le cyclisme ou le triathlon, il est crucial de s'alimenter r\u00e9guli\u00e8rement pour maintenir votre niveau d'\u00e9nergie et optimiser vos performances.<\/p>\n<p>La<strong>\u00a0BARRE ULTRA<\/strong>\u00a0OVERSTIM.s joue un r\u00f4le essentiel dans ce processus en fournissant une source durable de carburant pour vos muscles.<\/p>\n<p>Elle se consomme \u00e0 intervalles r\u00e9guliers en cours d'effort toutes les 45 minutes.<\/p>\n<h2>Pr\u00e9venez la fatigue et les baisses de r\u00e9gime<\/h2>\n<p>L'un des principaux d\u00e9fis des \u00e9preuves de longue dur\u00e9e est la gestion de la fatigue.<\/p>\n<p>Une alimentation r\u00e9guli\u00e8re permet de pr\u00e9venir les baisses d'\u00e9nergie, qui peuvent non seulement affecter vos performances mais aussi augmenter le risque de blessures.<\/p>\n<p>Les nutriments contenus dans la\u00a0<strong>BARRE ULTRA<\/strong>, notamment les glucides, les BCAA, les \u00e9lectrolytes et les vitamines, aident \u00e0 maintenir votre \u00e9nergie et \u00e0 pr\u00e9venir la fatigue musculaire.<\/p>\n<h2>Une barre id\u00e9ale pour les efforts de longue dur\u00e9e<\/h2>\n<p>D\u00e9velopp\u00e9e en collaboration avec\u00a0<strong>Fran\u00e7ois d'Haene<\/strong>\u00a0(champion d'ultra-trail), la\u00a0<strong>BARRE ULTRA<\/strong>\u00a0est con\u00e7ue pour r\u00e9pondre aux besoins sp\u00e9cifiques des athl\u00e8tes d'endurance.<\/p>\n<p>Elle est votre alli\u00e9e id\u00e9ale pour les longues courses, les trails exigeants, les cyclosportives et les triathlons avec :<\/p>\n<ul>\n<li><strong>Une \u00e9nergie durable :\u00a0<\/strong>146 kcal \/ barre (25 g de glucides)<\/li>\n<li><strong>3 \u00e9lectrolytes\u00a0<\/strong>(sodium, calcium, magn\u00e9sium) pour compenser les pertes en sels min\u00e9raux et pr\u00e9venir les perturbations musculaires<\/li>\n<li><strong>5 vitamines<\/strong>\u00a0(B1, B3, B6, C, E) pour r\u00e9duire la fatigue musculaire et contribuer au bon rendement \u00e9nerg\u00e9tique<\/li>\n<li><strong>800 mg de BCAA<\/strong>\u00a0\/ barre pour favoriser la r\u00e9cup\u00e9ration musculaire<\/li>\n<li><strong>Texture moelleuse<\/strong>, facile \u00e0 m\u00e2cher en cours d'effort<\/li>\n<li><strong>Excellente digestibilit\u00e9\u00a0<\/strong><\/li>\n<\/ul>\n<h2>Des saveurs et une texture qui font la diff\u00e9rence<\/h2>\n<p>Profitez d'une barre d\u00e9licieuse \u00e0 la texture moelleuse, con\u00e7ue pour \u00eatre facilement m\u00e2ch\u00e9e m\u00eame en plein effort.<\/p>\n<p>Oubliez les barres difficiles \u00e0 avaler et indigestes : la<strong>\u00a0BARRE ULTRA<\/strong>\u00a0OVERSTIM.s est l\u00e0 pour vous accompagner jusqu'\u00e0 la ligne d'arriv\u00e9e, sans craindre d'inconfort gastro-intestinal, m\u00eame apr\u00e8s plusieurs heures d'effort.<\/p>\n<p>La\u00a0<strong>BARRE ULTRA<\/strong>\u00a0n'est pas seulement une barre \u00e9nerg\u00e9tique, c'est un partenaire de confiance pour tous les sportifs d'endurance !<\/p>\n<p>Test\u00e9e et approuv\u00e9e par\u00a0<strong>Fran\u00e7ois d'Haene<\/strong>\u00a0(ultra-traileur), elle r\u00e9pond aux exigences des comp\u00e9titions les plus ardues et vous aide \u00e0 d\u00e9passer vos limites.<\/p>\n<\/div>\n<\/div>\n<\/div>\n<\/div>\n<\/div>\n<\/div>\n<\/div>\n<\/div>\n<\/div>\n","protected":false},"excerpt":{"rendered":"<p>Maintenez votre \u00e9nergie et vos performances Lors des \u00e9preuves d'endurance telles que la course \u00e0 pied, le trail, le cyclisme ou le triathlon, il est crucial de s'alimenter r\u00e9guli\u00e8rement pour maintenir votre niveau d'\u00e9nergie et optimiser vos performances. La\u00a0BARRE ULTRA\u00a0OVERSTIM.s joue un r\u00f4le essentiel dans ce processus en fournissant une source durable de carburant pour [&hellip;]<\/p>\n","protected":false},"featured_media":1525,"template":"","meta":[],"pwb-brand":[114],"product_brand":[],"product_cat":[84],"product_tag":[],"class_list":{"0":"post-1524","1":"product","2":"type-product","3":"status-publish","4":"has-post-thumbnail","6":"pwb-brand-overstims","7":"product_cat-nutrition","9":"first","10":"instock","11":"shipping-taxable","12":"purchasable","13":"product-type-simple"},"brands":[{"id":114,"name":"OVERSTIM'S","slug":"overstims"}],"_links":{"self":[{"href":"https:\/\/rrunning.tribalt.agency\/index.php?rest_route=\/wp\/v2\/product\/1524","targetHints":{"allow":["GET"]}}],"collection":[{"href":"https:\/\/rrunning.tribalt.agency\/index.php?rest_route=\/wp\/v2\/product"}],"about":[{"href":"https:\/\/rrunning.tribalt.agency\/index.php?rest_route=\/wp\/v2\/types\/product"}],"wp:featuredmedia":[{"embeddable":true,"href":"https:\/\/rrunning.tribalt.agency\/index.php?rest_route=\/wp\/v2\/media\/1525"}],"wp:attachment":[{"href":"https:\/\/rrunning.tribalt.agency\/index.php?rest_route=%2Fwp%2Fv2%2Fmedia&parent=1524"}],"wp:term":[{"taxonomy":"pwb-brand","embeddable":true,"href":"https:\/\/rrunning.tribalt.agency\/index.php?rest_route=%2Fwp%2Fv2%2Fpwb-brand&post=1524"},{"taxonomy":"product_brand","embeddable":true,"href":"https:\/\/rrunning.tribalt.agency\/index.php?rest_route=%2Fwp%2Fv2%2Fproduct_brand&post=1524"},{"taxonomy":"product_cat","embeddable":true,"href":"https:\/\/rrunning.tribalt.agency\/index.php?rest_route=%2Fwp%2Fv2%2Fproduct_cat&post=1524"},{"taxonomy":"product_tag","embeddable":true,"href":"https:\/\/rrunning.tribalt.agency\/index.php?rest_route=%2Fwp%2Fv2%2Fproduct_tag&post=1524"}],"curies":[{"name":"wp","href":"https:\/\/api.w.org\/{rel}","templated":true}]}}