{"id":1515,"date":"2025-06-25T10:00:55","date_gmt":"2025-06-25T08:00:55","guid":{"rendered":"https:\/\/rrunning.tribalt.agency\/?post_type=product&#038;p=1515"},"modified":"2025-06-25T10:03:12","modified_gmt":"2025-06-25T08:03:12","slug":"barre-proteinee-chocolat-caramel","status":"publish","type":"product","link":"https:\/\/rrunning.tribalt.agency\/?product=barre-proteinee-chocolat-caramel","title":{"rendered":"BARRE PROTEINEE CHOCOLAT CARAMEL"},"content":{"rendered":"<div class=\"product-information\">\n<div class=\"container-tab\">\n<div class=\"tab-content\">\n<div id=\"details\" class=\"tab-pane fade in active\" role=\"tabpanel\">\n<div class=\"product-description-classic\">\n<div class=\"container product-details-wrapper\">\n<div class=\"row\">\n<div class=\"col-xs-12 col-lg-offset-1 col-lg-10\">\n<div class=\"product-details-cell-description classic\">\n<h2>Pourquoi consommer notre barre prot\u00e9in\u00e9e\u00a0?<\/h2>\n<p>Avec ses 22% de prot\u00e9ines et ses BCAA, la barre prot\u00e9in\u00e9e OVERSTIM.s constitue une\u00a0<strong>collation de r\u00e9cup\u00e9ration<\/strong>\u00a0tr\u00e8s efficace apr\u00e8s une s\u00e9ance sportive, en\u00a0<strong>cours d'effort prolong\u00e9<\/strong>\u00a0ou comme d\u00e9licieux\u00a0<strong>en-cas sain<\/strong>\u00a0pour faire le plein de prot\u00e9ines et satisfaire une petite faim en cours de journ\u00e9e.<\/p>\n<p>Gr\u00e2ce \u00e0 ses prot\u00e9ines de haute qualit\u00e9 issues du lait et ses BCAA, notre barre prot\u00e9in\u00e9e optimise votre\u00a0<strong>r\u00e9g\u00e9n\u00e9ration musculaire<\/strong>\u00a0apr\u00e8s un effort.<\/p>\n<p>Ses glucides \u00e0 index glyc\u00e9mique mod\u00e9r\u00e9 vous aideront \u00e0\u00a0<strong>recharger vos r\u00e9serves \u00e9nerg\u00e9tiques<\/strong>.<\/p>\n<h2>Quand consommer notre barre prot\u00e9in\u00e9e\u00a0?<\/h2>\n<ul>\n<li><strong>Apr\u00e8s une s\u00e9ance sportive<\/strong>\u00a0: la collation post-entra\u00eenement est tr\u00e8s importante pour la r\u00e9g\u00e9n\u00e9ration musculaire et la recharge des r\u00e9serves \u00e9nerg\u00e9tiques. La barre prot\u00e9in\u00e9e OVERSTIM.s contient des prot\u00e9ines et des glucides dans des proportions id\u00e9ales pour faire le plein d'\u00e9nergie et pour r\u00e9cup\u00e9rer pleinement entre deux s\u00e9ances d'entra\u00eenement.<\/li>\n<\/ul>\n<ul>\n<li><strong>En cours d'effort prolong\u00e9<\/strong>\u00a0: avec son apport \u00e9nerg\u00e9tique (plus de 150 kcal \/ barre), ses prot\u00e9ines et ses BCAA, notre barre prot\u00e9in\u00e9e est un solide compl\u00e9ment des boissons OVERSTIM.s.<\/li>\n<\/ul>\n<ul>\n<li><strong>En p\u00e9riode d'aff\u00fbtage<\/strong>\u00a0: la barre prot\u00e9in\u00e9e OVERSTIM.s peut \u00e9galement se consommer lors des p\u00e9riodes d'aff\u00fbtage afin d'apporter les nutriments n\u00e9cessaires au maintien de votre masse musculaire. Son apport prot\u00e9in\u00e9 et son c\u00f4t\u00e9 rassasiant vous aideront \u00e0 limiter les grignotages entre les repas.<\/li>\n<\/ul>\n<ul>\n<li><strong>Comme en-cas sain en cours de journ\u00e9e<\/strong>\u00a0: plut\u00f4t que de craquer pour une sucrerie, pr\u00e9f\u00e9rez la barre prot\u00e9in\u00e9e OVERSTIM.s pour faire le plein de bons nutriments et rester rassasi\u00e9 jusqu'au prochain repas\u00a0!<\/li>\n<\/ul>\n<h2>Une barre prot\u00e9in\u00e9e moelleuse et ultra-gourmande\u00a0!<\/h2>\n<p>La barre prot\u00e9in\u00e9e OVERSTIM.s vous apporte les nutriments essentiels tout en comblant vos envies les plus gourmandes.<\/p>\n<p>D\u00e9couvrez notre barre prot\u00e9in\u00e9e savoureuse \u00e0 la texture extra moelleuse !<\/p>\n<h2>Que contient notre barre prot\u00e9in\u00e9e\u00a0?<\/h2>\n<p>La barre prot\u00e9in\u00e9e OVERSTIM.s allie efficacit\u00e9 et gourmandise avec des ingr\u00e9dients de qualit\u00e9 et une fabrication fran\u00e7aise :<\/p>\n<ul>\n<li>des prot\u00e9ines de lait de haute qualit\u00e9 : pour un apport optimal en prot\u00e9ines<\/li>\n<li>du chocolat : pour tous les fans de chocolat<\/li>\n<li>du pralin aux noisettes torr\u00e9fi\u00e9es ou du caramel : pour le c\u00f4t\u00e9 extra gourmand<\/li>\n<li>une pointe de miel<\/li>\n<\/ul>\n<p>Pour vous garantir une barre \u00ab 100% saine\u00a0\u00bb, elle est :<\/p>\n<ul>\n<li>sans huile de palme<\/li>\n<li>sans \u00e9dulcorant<\/li>\n<li>sans colorant<\/li>\n<li>sans conservateur<\/li>\n<\/ul>\n<\/div>\n<\/div>\n<\/div>\n<\/div>\n<\/div>\n<\/div>\n<\/div>\n<\/div>\n<\/div>\n<div id=\"reviews-anchor\" class=\"product-reviews\">\n<div class=\"container container-xl\">\n<div class=\"row\">\n<div class=\"col-xs-12 col-header-reviews\"><\/div>\n<\/div>\n<\/div>\n<\/div>\n","protected":false},"excerpt":{"rendered":"<p>Pourquoi consommer notre barre prot\u00e9in\u00e9e\u00a0? Avec ses 22% de prot\u00e9ines et ses BCAA, la barre prot\u00e9in\u00e9e OVERSTIM.s constitue une\u00a0collation de r\u00e9cup\u00e9ration\u00a0tr\u00e8s efficace apr\u00e8s une s\u00e9ance sportive, en\u00a0cours d'effort prolong\u00e9\u00a0ou comme d\u00e9licieux\u00a0en-cas sain\u00a0pour faire le plein de prot\u00e9ines et satisfaire une petite faim en cours de journ\u00e9e. Gr\u00e2ce \u00e0 ses prot\u00e9ines de haute qualit\u00e9 issues du [&hellip;]<\/p>\n","protected":false},"featured_media":1518,"template":"","meta":[],"pwb-brand":[114],"product_brand":[],"product_cat":[84],"product_tag":[],"class_list":{"0":"post-1515","1":"product","2":"type-product","3":"status-publish","4":"has-post-thumbnail","6":"pwb-brand-overstims","7":"product_cat-nutrition","9":"first","10":"instock","11":"shipping-taxable","12":"purchasable","13":"product-type-simple"},"brands":[{"id":114,"name":"OVERSTIM'S","slug":"overstims"}],"_links":{"self":[{"href":"https:\/\/rrunning.tribalt.agency\/index.php?rest_route=\/wp\/v2\/product\/1515","targetHints":{"allow":["GET"]}}],"collection":[{"href":"https:\/\/rrunning.tribalt.agency\/index.php?rest_route=\/wp\/v2\/product"}],"about":[{"href":"https:\/\/rrunning.tribalt.agency\/index.php?rest_route=\/wp\/v2\/types\/product"}],"wp:featuredmedia":[{"embeddable":true,"href":"https:\/\/rrunning.tribalt.agency\/index.php?rest_route=\/wp\/v2\/media\/1518"}],"wp:attachment":[{"href":"https:\/\/rrunning.tribalt.agency\/index.php?rest_route=%2Fwp%2Fv2%2Fmedia&parent=1515"}],"wp:term":[{"taxonomy":"pwb-brand","embeddable":true,"href":"https:\/\/rrunning.tribalt.agency\/index.php?rest_route=%2Fwp%2Fv2%2Fpwb-brand&post=1515"},{"taxonomy":"product_brand","embeddable":true,"href":"https:\/\/rrunning.tribalt.agency\/index.php?rest_route=%2Fwp%2Fv2%2Fproduct_brand&post=1515"},{"taxonomy":"product_cat","embeddable":true,"href":"https:\/\/rrunning.tribalt.agency\/index.php?rest_route=%2Fwp%2Fv2%2Fproduct_cat&post=1515"},{"taxonomy":"product_tag","embeddable":true,"href":"https:\/\/rrunning.tribalt.agency\/index.php?rest_route=%2Fwp%2Fv2%2Fproduct_tag&post=1515"}],"curies":[{"name":"wp","href":"https:\/\/api.w.org\/{rel}","templated":true}]}}