{"id":1513,"date":"2025-06-25T09:58:28","date_gmt":"2025-06-25T07:58:28","guid":{"rendered":"https:\/\/rrunning.tribalt.agency\/?post_type=product&#038;p=1513"},"modified":"2025-06-25T10:00:01","modified_gmt":"2025-06-25T08:00:01","slug":"authentic-bar-chocolat-noisette","status":"publish","type":"product","link":"https:\/\/rrunning.tribalt.agency\/?product=authentic-bar-chocolat-noisette","title":{"rendered":"AUTHENTIC BAR CHOCOLAT NOISETTE"},"content":{"rendered":"<h2>Les atouts de la barre Authentic bar<\/h2>\n<p>La barre \u00e9nerg\u00e9tique\u00a0<strong>Authentic bar<\/strong>\u00a0r\u00e9pond aux besoins nutritionnels sp\u00e9cifiques du sportif, en apportant :<\/p>\n<ul>\n<li>une\u00a0<strong>\u00e9nergie durable<\/strong>\u00a0(190 kcal \/ barre) pour les efforts de longue dur\u00e9e<\/li>\n<li>des\u00a0<strong>prot\u00e9ines v\u00e9g\u00e9tales<\/strong>\u00a0(6 g \/ barre) pour r\u00e9duire la fatigue musculaire<\/li>\n<li>des\u00a0<strong>\u00e9lectrolytes<\/strong>\u00a0(sodium, calcium et magn\u00e9sium) pour reconstituer les sels min\u00e9raux perdus dans la sueur<\/li>\n<li>des\u00a0<strong>antioxydants<\/strong>\u00a0(vitamine C et zinc)<\/li>\n<li>des\u00a0<strong>vitamines<\/strong>\u00a0B1, B2 et C<\/li>\n<li>une\u00a0<strong>texture moelleuse<\/strong><\/li>\n<\/ul>\n<h2>Une barre 100% naturelle, nutritive et gourmande<\/h2>\n<p>La barre \u00e9nerg\u00e9tique\u00a0<strong>Authentic bar<\/strong>\u00a0se compose d'ingr\u00e9dients naturels comme des flocons d'avoines, des noisettes, des fruits secs ou du chocolat. Pas de conservateur, pas de colorant, pas d'huile de palme, ni d'autres ingr\u00e9dients artificiels !<\/p>\n<p><strong>Saine<\/strong>\u00a0et\u00a0<strong>nutritive<\/strong>,\u00a0<strong>Authentic bar<\/strong>\u00a0est surtout extr\u00eamement\u00a0<strong>savoureuse<\/strong>\u00a0!<\/p>\n<p>Sa texture moelleuse rend sa consommation particuli\u00e8rement agr\u00e9able en cours d'effort.<\/p>\n<h2>Quand consommer la barre Authentic bar ?<\/h2>\n<p>La barre\u00a0<strong>Authentic bar<\/strong>\u00a0convient \u00e0 tous les sportifs souhaitant un maximum d'efficacit\u00e9 en cours d'effort !<\/p>\n<p><strong>Authentic bar<\/strong>\u00a0vous accompagne dans toutes vos activit\u00e9s sportives d'endurance comme le running, le trail, le cyclisme, le triathlon ...<\/p>\n<p>Elle vous apporte une\u00a0<strong>\u00e9nergie durable<\/strong>\u00a0(190 kcal \/ barre) durant les efforts de longue dur\u00e9e, des\u00a0<strong>antioxydants<\/strong>, des\u00a0<strong>\u00e9lectrolytes<\/strong>\u00a0et des\u00a0<strong>vitamines<\/strong>\u00a0pour contribuer \u00e0 r\u00e9duire la fatigue.<\/p>\n<p>Consommez\u00a0<strong>1 barre toutes les 45 minutes<\/strong>\u00a0\/ 1 heure en cours d'effort.<\/p>\n<p><strong>Authentic bar<\/strong>\u00a0est \u00e9galement un en-cas sain et nutritif pour combler une petite faim dans la journ\u00e9e.<\/p>\n","protected":false},"excerpt":{"rendered":"<p>Les atouts de la barre Authentic bar La barre \u00e9nerg\u00e9tique\u00a0Authentic bar\u00a0r\u00e9pond aux besoins nutritionnels sp\u00e9cifiques du sportif, en apportant : une\u00a0\u00e9nergie durable\u00a0(190 kcal \/ barre) pour les efforts de longue dur\u00e9e des\u00a0prot\u00e9ines v\u00e9g\u00e9tales\u00a0(6 g \/ barre) pour r\u00e9duire la fatigue musculaire des\u00a0\u00e9lectrolytes\u00a0(sodium, calcium et magn\u00e9sium) pour reconstituer les sels min\u00e9raux perdus dans la sueur des\u00a0antioxydants\u00a0(vitamine [&hellip;]<\/p>\n","protected":false},"featured_media":1514,"template":"","meta":[],"pwb-brand":[114],"product_brand":[],"product_cat":[84],"product_tag":[],"class_list":{"0":"post-1513","1":"product","2":"type-product","3":"status-publish","4":"has-post-thumbnail","6":"pwb-brand-overstims","7":"product_cat-nutrition","9":"first","10":"instock","11":"shipping-taxable","12":"purchasable","13":"product-type-simple"},"brands":[{"id":114,"name":"OVERSTIM'S","slug":"overstims"}],"_links":{"self":[{"href":"https:\/\/rrunning.tribalt.agency\/index.php?rest_route=\/wp\/v2\/product\/1513","targetHints":{"allow":["GET"]}}],"collection":[{"href":"https:\/\/rrunning.tribalt.agency\/index.php?rest_route=\/wp\/v2\/product"}],"about":[{"href":"https:\/\/rrunning.tribalt.agency\/index.php?rest_route=\/wp\/v2\/types\/product"}],"wp:featuredmedia":[{"embeddable":true,"href":"https:\/\/rrunning.tribalt.agency\/index.php?rest_route=\/wp\/v2\/media\/1514"}],"wp:attachment":[{"href":"https:\/\/rrunning.tribalt.agency\/index.php?rest_route=%2Fwp%2Fv2%2Fmedia&parent=1513"}],"wp:term":[{"taxonomy":"pwb-brand","embeddable":true,"href":"https:\/\/rrunning.tribalt.agency\/index.php?rest_route=%2Fwp%2Fv2%2Fpwb-brand&post=1513"},{"taxonomy":"product_brand","embeddable":true,"href":"https:\/\/rrunning.tribalt.agency\/index.php?rest_route=%2Fwp%2Fv2%2Fproduct_brand&post=1513"},{"taxonomy":"product_cat","embeddable":true,"href":"https:\/\/rrunning.tribalt.agency\/index.php?rest_route=%2Fwp%2Fv2%2Fproduct_cat&post=1513"},{"taxonomy":"product_tag","embeddable":true,"href":"https:\/\/rrunning.tribalt.agency\/index.php?rest_route=%2Fwp%2Fv2%2Fproduct_tag&post=1513"}],"curies":[{"name":"wp","href":"https:\/\/api.w.org\/{rel}","templated":true}]}}