{"id":1411,"date":"2025-06-24T19:16:53","date_gmt":"2025-06-24T17:16:53","guid":{"rendered":"https:\/\/rrunning.tribalt.agency\/?post_type=product&#038;p=1411"},"modified":"2025-06-24T19:18:26","modified_gmt":"2025-06-24T17:18:26","slug":"drink-coffee-azul-marino","status":"publish","type":"product","link":"https:\/\/rrunning.tribalt.agency\/?product=drink-coffee-azul-marino","title":{"rendered":"DRINK COFFEE AZUL MARINO"},"content":{"rendered":"<p>Chaussette de cyclisme ultra l\u00e9g\u00e8re, \u00e0 compression moyenne. Fabriqu\u00e9 en nylon de haute qualit\u00e9 pour une \u00e9vacuation optimale de l'humidit\u00e9. Il est enti\u00e8rement respirant, \u00e9vacue l'humidit\u00e9 et s\u00e8che rapidement. Talon et orteil renforc\u00e9s pour une plus grande durabilit\u00e9.<\/p>\n<ul>\n<li>Fabriqu\u00e9 \u00e0 100% en Espagne.<\/li>\n<li>Fabriqu\u00e9 en nylon de haute qualit\u00e9.<\/li>\n<li>Recommand\u00e9 pour les climats temp\u00e9r\u00e9s.<\/li>\n<li>Test\u00e9 par nos athl\u00e8tes lors des essais les plus exigeants.<\/li>\n<\/ul>\n","protected":false},"excerpt":{"rendered":"<p>Chaussette de cyclisme ultra l\u00e9g\u00e8re, \u00e0 compression moyenne. Fabriqu\u00e9 en nylon de haute qualit\u00e9 pour une \u00e9vacuation optimale de l'humidit\u00e9. Il est enti\u00e8rement respirant, \u00e9vacue l'humidit\u00e9 et s\u00e8che rapidement. Talon et orteil renforc\u00e9s pour une plus grande durabilit\u00e9. Fabriqu\u00e9 \u00e0 100% en Espagne. Fabriqu\u00e9 en nylon de haute qualit\u00e9. Recommand\u00e9 pour les climats temp\u00e9r\u00e9s. Test\u00e9 [&hellip;]<\/p>\n","protected":false},"featured_media":1412,"template":"","meta":[],"pwb-brand":[155],"product_brand":[],"product_cat":[28],"product_tag":[],"class_list":{"0":"post-1411","1":"product","2":"type-product","3":"status-publish","4":"has-post-thumbnail","6":"pwb-brand-sporcks","7":"product_cat-chaussettes","9":"first","10":"instock","11":"shipping-taxable","12":"purchasable","13":"product-type-simple"},"brands":[{"id":155,"name":"SPORCKS","slug":"sporcks"}],"_links":{"self":[{"href":"https:\/\/rrunning.tribalt.agency\/index.php?rest_route=\/wp\/v2\/product\/1411","targetHints":{"allow":["GET"]}}],"collection":[{"href":"https:\/\/rrunning.tribalt.agency\/index.php?rest_route=\/wp\/v2\/product"}],"about":[{"href":"https:\/\/rrunning.tribalt.agency\/index.php?rest_route=\/wp\/v2\/types\/product"}],"wp:featuredmedia":[{"embeddable":true,"href":"https:\/\/rrunning.tribalt.agency\/index.php?rest_route=\/wp\/v2\/media\/1412"}],"wp:attachment":[{"href":"https:\/\/rrunning.tribalt.agency\/index.php?rest_route=%2Fwp%2Fv2%2Fmedia&parent=1411"}],"wp:term":[{"taxonomy":"pwb-brand","embeddable":true,"href":"https:\/\/rrunning.tribalt.agency\/index.php?rest_route=%2Fwp%2Fv2%2Fpwb-brand&post=1411"},{"taxonomy":"product_brand","embeddable":true,"href":"https:\/\/rrunning.tribalt.agency\/index.php?rest_route=%2Fwp%2Fv2%2Fproduct_brand&post=1411"},{"taxonomy":"product_cat","embeddable":true,"href":"https:\/\/rrunning.tribalt.agency\/index.php?rest_route=%2Fwp%2Fv2%2Fproduct_cat&post=1411"},{"taxonomy":"product_tag","embeddable":true,"href":"https:\/\/rrunning.tribalt.agency\/index.php?rest_route=%2Fwp%2Fv2%2Fproduct_tag&post=1411"}],"curies":[{"name":"wp","href":"https:\/\/api.w.org\/{rel}","templated":true}]}}