{"id":1324,"date":"2025-06-24T16:48:57","date_gmt":"2025-06-24T14:48:57","guid":{"rendered":"https:\/\/rrunning.tribalt.agency\/?post_type=product&#038;p=1324"},"modified":"2025-06-24T16:48:57","modified_gmt":"2025-06-24T14:48:57","slug":"flask-150ml","status":"publish","type":"product","link":"https:\/\/rrunning.tribalt.agency\/?product=flask-150ml","title":{"rendered":"FLASK 150ML"},"content":{"rendered":"<p>La Flask 150 ml est id\u00e9ale pour vos s\u00e9ances d\u2019entrainements et comp\u00e9tition. Avec sa\u00a0<strong>large ouverture<\/strong>, elle permet un remplissage rapide et facile afin de limiter la perte de temps lors des ravitaillements. Sa\u00a0<strong>valve en silicone soft<\/strong>\u00a0assure une utilisation confortable et un d\u00e9bit fluide, pour une hydratation optimale en toute simplicit\u00e9. Compacte et l\u00e9g\u00e8re, elle vous accompagne partout avec une\u00a0<strong>contenance de 150 ml<\/strong>, parfaite pour les besoins quotidiens. Utile dans diff\u00e9rents cas de figure : lors de sorties courtes vous pouvez facilement la garder \u00e0 la main ou bien avant et pendant une course vous pouvez la remplir de boisson \u00e9nergisante pour vous donnez un coup de boost.<\/p>\n<h4><strong>Caract\u00e9ristiques de la Flask 150 ml :<\/strong><\/h4>\n<ul>\n<li><strong>Contenance :<\/strong>\u00a0150 ml<\/li>\n<li><strong>Large ouverture :<\/strong>\u00a0Pour un remplissage rapide et un nettoyage facile<\/li>\n<li><strong>Valve soft silicone :<\/strong>\u00a0Pour un d\u00e9bit fluide et un confort d\u2019utilisation<\/li>\n<li><strong>Mat\u00e9riaux :<\/strong>\u00a0Plastique durable et flexible, valve en silicone<\/li>\n<\/ul>\n<h4><strong>Avantages :<\/strong><\/h4>\n<ul>\n<li>Facilit\u00e9 d\u2019utilisation gr\u00e2ce \u00e0 la large ouverture et la valve silicone<\/li>\n<li>Compacte et l\u00e9g\u00e8re, id\u00e9ale pour les activit\u00e9s sportives<\/li>\n<li>Pratique pour les d\u00e9placements et l\u2019hydratation au quotidien<\/li>\n<\/ul>\n","protected":false},"excerpt":{"rendered":"<p>La Flask 150 ml est id\u00e9ale pour vos s\u00e9ances d\u2019entrainements et comp\u00e9tition. Avec sa\u00a0large ouverture, elle permet un remplissage rapide et facile afin de limiter la perte de temps lors des ravitaillements. Sa\u00a0valve en silicone soft\u00a0assure une utilisation confortable et un d\u00e9bit fluide, pour une hydratation optimale en toute simplicit\u00e9. Compacte et l\u00e9g\u00e8re, elle vous [&hellip;]<\/p>\n","protected":false},"featured_media":1325,"template":"","meta":[],"pwb-brand":[153],"product_brand":[],"product_cat":[34],"product_tag":[],"class_list":{"0":"post-1324","1":"product","2":"type-product","3":"status-publish","4":"has-post-thumbnail","6":"pwb-brand-oxsitis","7":"product_cat-sac-dhydratation-poche-a-eau","9":"first","10":"instock","11":"shipping-taxable","12":"purchasable","13":"product-type-simple"},"brands":[{"id":153,"name":"OXSITIS","slug":"oxsitis"}],"_links":{"self":[{"href":"https:\/\/rrunning.tribalt.agency\/index.php?rest_route=\/wp\/v2\/product\/1324","targetHints":{"allow":["GET"]}}],"collection":[{"href":"https:\/\/rrunning.tribalt.agency\/index.php?rest_route=\/wp\/v2\/product"}],"about":[{"href":"https:\/\/rrunning.tribalt.agency\/index.php?rest_route=\/wp\/v2\/types\/product"}],"wp:featuredmedia":[{"embeddable":true,"href":"https:\/\/rrunning.tribalt.agency\/index.php?rest_route=\/wp\/v2\/media\/1325"}],"wp:attachment":[{"href":"https:\/\/rrunning.tribalt.agency\/index.php?rest_route=%2Fwp%2Fv2%2Fmedia&parent=1324"}],"wp:term":[{"taxonomy":"pwb-brand","embeddable":true,"href":"https:\/\/rrunning.tribalt.agency\/index.php?rest_route=%2Fwp%2Fv2%2Fpwb-brand&post=1324"},{"taxonomy":"product_brand","embeddable":true,"href":"https:\/\/rrunning.tribalt.agency\/index.php?rest_route=%2Fwp%2Fv2%2Fproduct_brand&post=1324"},{"taxonomy":"product_cat","embeddable":true,"href":"https:\/\/rrunning.tribalt.agency\/index.php?rest_route=%2Fwp%2Fv2%2Fproduct_cat&post=1324"},{"taxonomy":"product_tag","embeddable":true,"href":"https:\/\/rrunning.tribalt.agency\/index.php?rest_route=%2Fwp%2Fv2%2Fproduct_tag&post=1324"}],"curies":[{"name":"wp","href":"https:\/\/api.w.org\/{rel}","templated":true}]}}